Last updated on 2025-11-23 05:50:24 CET.
| Flavor | Version | Tinstall | Tcheck | Ttotal | Status | Flags |
|---|---|---|---|---|---|---|
| r-devel-linux-x86_64-debian-clang | 0.13 | 2.10 | 21.53 | 23.63 | NOTE | |
| r-devel-linux-x86_64-debian-gcc | 0.13 | 1.78 | 18.02 | 19.80 | NOTE | |
| r-devel-linux-x86_64-fedora-clang | 0.13 | 34.13 | OK | |||
| r-devel-linux-x86_64-fedora-gcc | 0.13 | 32.34 | OK | |||
| r-devel-windows-x86_64 | 0.13 | 9.00 | 43.00 | 52.00 | OK | |
| r-patched-linux-x86_64 | 0.13 | 1.65 | 19.26 | 20.91 | OK | |
| r-release-linux-x86_64 | 0.13 | 1.83 | 19.18 | 21.01 | OK | |
| r-release-macos-arm64 | 0.13 | OK | ||||
| r-release-macos-x86_64 | 0.13 | 4.00 | 23.00 | 27.00 | OK | |
| r-release-windows-x86_64 | 0.13 | 6.00 | 45.00 | 51.00 | OK | |
| r-oldrel-macos-arm64 | 0.13 | OK | ||||
| r-oldrel-macos-x86_64 | 0.13 | 16.00 | 65.00 | 81.00 | OK | |
| r-oldrel-windows-x86_64 | 0.13 | 9.00 | 43.00 | 52.00 | OK |
Version: 0.13
Check: DESCRIPTION meta-information
Result: NOTE
Author field differs from that derived from Authors@R
Author: ‘Yihui Xie [aut, cre] (<https://orcid.org/0000-0003-0645-5666>, https://yihui.org), Jeffrey Horner [ctb], Beilei Bian [ctb]’
Authors@R: ‘Yihui Xie [aut, cre] (ORCID: <https://orcid.org/0000-0003-0645-5666>, URL: https://yihui.org), Jeffrey Horner [ctb], Beilei Bian [ctb]’
Flavors: r-devel-linux-x86_64-debian-clang, r-devel-linux-x86_64-debian-gcc