Last updated on 2025-05-05 18:50:10 CEST.
Flavor | Version | Tinstall | Tcheck | Ttotal | Status | Flags |
---|---|---|---|---|---|---|
r-devel-linux-x86_64-debian-clang | 1.0-3 | 55.13 | 27.98 | 83.11 | NOTE | |
r-devel-linux-x86_64-debian-gcc | 1.0-3 | 44.21 | 27.46 | 71.67 | NOTE | |
r-devel-linux-x86_64-fedora-clang | 1.0-3 | 137.78 | NOTE | |||
r-devel-linux-x86_64-fedora-gcc | 1.0-3 | 179.51 | NOTE | |||
r-devel-windows-x86_64 | 1.0-3 | 56.00 | 75.00 | 131.00 | NOTE | |
r-patched-linux-x86_64 | 1.0-3 | 60.53 | 33.16 | 93.69 | NOTE | |
r-release-linux-x86_64 | 1.0-3 | 56.79 | 33.10 | 89.89 | NOTE | |
r-release-macos-arm64 | 1.0-3 | 59.00 | NOTE | |||
r-release-macos-x86_64 | 1.0-3 | 93.00 | NOTE | |||
r-release-windows-x86_64 | 1.0-3 | 57.00 | 83.00 | 140.00 | NOTE | |
r-oldrel-macos-arm64 | 1.0-3 | 51.00 | NOTE | |||
r-oldrel-macos-x86_64 | 1.0-3 | 59.00 | NOTE | |||
r-oldrel-windows-x86_64 | 1.0-3 | 66.00 | 89.00 | 155.00 | NOTE |
Version: 1.0-3
Check: CRAN incoming feasibility
Result: NOTE
Maintainer: ‘Dianpeng Wang <wdp@bit.edu.cn>’
No Authors@R field in DESCRIPTION.
Please add one, modifying
Authors@R: c(person(given = "Dianpeng",
family = "Wang",
role = c("aut", "cre"),
email = "wdp@bit.edu.cn"),
person(given = c("V.", "Roshan"),
family = "Joseph",
role = "aut"))
as necessary.
Flavors: r-devel-linux-x86_64-debian-clang, r-devel-linux-x86_64-debian-gcc
Version: 1.0-3
Check: C++ specification
Result: NOTE
Specified C++11: please drop specification unless essential
Flavors: r-devel-linux-x86_64-debian-clang, r-devel-linux-x86_64-debian-gcc, r-devel-linux-x86_64-fedora-clang, r-devel-linux-x86_64-fedora-gcc, r-devel-windows-x86_64, r-patched-linux-x86_64, r-release-linux-x86_64, r-release-macos-arm64, r-release-macos-x86_64, r-release-windows-x86_64, r-oldrel-macos-arm64, r-oldrel-macos-x86_64, r-oldrel-windows-x86_64
Version: 1.0-3
Check: installed package size
Result: NOTE
installed size is 27.6Mb
sub-directories of 1Mb or more:
libs 27.5Mb
Flavors: r-oldrel-macos-arm64, r-oldrel-macos-x86_64