CRAN Package Check Results for Package miniUI

Last updated on 2025-07-27 06:49:32 CEST.

Flavor Version Tinstall Tcheck Ttotal Status Flags
r-devel-linux-x86_64-debian-clang 0.1.2 3.54 31.79 35.33 NOTE
r-devel-linux-x86_64-debian-gcc 0.1.2 2.34 25.48 27.82 NOTE
r-devel-linux-x86_64-fedora-clang 0.1.2 52.24 OK
r-devel-linux-x86_64-fedora-gcc 0.1.2 52.55 OK
r-devel-windows-x86_64 0.1.2 6.00 63.00 69.00 OK
r-patched-linux-x86_64 0.1.2 3.63 28.80 32.43 OK
r-release-linux-x86_64 0.1.2 3.42 29.30 32.72 OK
r-release-macos-arm64 0.1.2 19.00 OK
r-release-macos-x86_64 0.1.2 29.00 OK
r-release-windows-x86_64 0.1.2 5.00 50.00 55.00 OK
r-oldrel-macos-arm64 0.1.2 23.00 OK
r-oldrel-macos-x86_64 0.1.2 45.00 OK
r-oldrel-windows-x86_64 0.1.2 7.00 56.00 63.00 OK

Check Details

Version: 0.1.2
Check: DESCRIPTION meta-information
Result: NOTE Author field differs from that derived from Authors@R Author: ‘Joe Cheng [cre, aut], Posit Software, PBC [cph, fnd] (03wc8by49)’ Authors@R: ‘Joe Cheng [cre, aut], Posit Software, PBC [cph, fnd] (ROR: <https://ror.org/03wc8by49>)’ Flavors: r-devel-linux-x86_64-debian-clang, r-devel-linux-x86_64-debian-gcc