Last updated on 2024-03-28 17:49:34 CET.
Flavor | Version | Tinstall | Tcheck | Ttotal | Status | Flags |
---|---|---|---|---|---|---|
r-devel-linux-x86_64-debian-clang | 1.41 | 149.31 | 272.94 | 422.25 | OK | |
r-devel-linux-x86_64-debian-gcc | 1.41 | 128.05 | 194.68 | 322.73 | OK | |
r-devel-linux-x86_64-fedora-clang | 1.41 | 588.38 | OK | |||
r-devel-linux-x86_64-fedora-gcc | 1.41 | 567.64 | OK | |||
r-devel-windows-x86_64 | 1.41 | 118.00 | 226.00 | 344.00 | OK | |
r-patched-linux-x86_64 | 1.41 | 159.60 | 262.65 | 422.25 | OK | |
r-release-linux-x86_64 | 1.41 | 161.60 | 255.71 | 417.31 | OK | |
r-release-macos-arm64 | 1.41 | 141.00 | NOTE | |||
r-release-macos-x86_64 | 1.41 | 313.00 | NOTE | |||
r-release-windows-x86_64 | 1.41 | 147.00 | 288.00 | 435.00 | OK | |
r-oldrel-macos-arm64 | 1.41 | 115.00 | NOTE | |||
r-oldrel-windows-x86_64 | 1.41 | 147.00 | 267.00 | 414.00 | OK |
Version: 1.41
Check: installed package size
Result: NOTE
installed size is 9.0Mb
sub-directories of 1Mb or more:
R 2.1Mb
libs 6.3Mb
Flavors: r-release-macos-arm64, r-release-macos-x86_64, r-oldrel-macos-arm64