Last updated on 2024-04-19 19:50:19 CEST.
Flavor | Version | Tinstall | Tcheck | Ttotal | Status | Flags |
---|---|---|---|---|---|---|
r-devel-linux-x86_64-debian-clang | 0.9-1 | 7.20 | 53.35 | 60.55 | OK | |
r-devel-linux-x86_64-debian-gcc | 0.9-1 | OK | ||||
r-devel-linux-x86_64-fedora-clang | 0.9-1 | 73.65 | NOTE | |||
r-devel-linux-x86_64-fedora-gcc | 0.9-1 | 72.54 | OK | |||
r-prerel-macos-arm64 | 0.9-1 | 35.00 | OK | |||
r-prerel-windows-x86_64 | 0.9-1 | 6.00 | 69.00 | 75.00 | OK | |
r-patched-linux-x86_64 | 0.9-1 | 7.09 | 51.07 | 58.16 | OK | |
r-release-linux-x86_64 | 0.9-1 | 5.20 | 47.66 | 52.86 | OK | |
r-release-macos-arm64 | 0.9-1 | 29.00 | OK | |||
r-release-macos-x86_64 | 0.9-1 | 41.00 | OK | |||
r-release-windows-x86_64 | 0.9-1 | 6.00 | 76.00 | 82.00 | OK | |
r-oldrel-macos-arm64 | 0.9-1 | 45.00 | OK | |||
r-oldrel-windows-x86_64 | 0.9-1 | 7.00 | 81.00 | 88.00 | OK |
Version: 0.9-1
Check: Rd cross-references
Result: NOTE
Undeclared package ‘scatterplot3d’ in Rd xrefs
Flavor: r-devel-linux-x86_64-fedora-clang