Last updated on 2025-07-21 06:49:31 CEST.
Flavor | Version | Tinstall | Tcheck | Ttotal | Status | Flags |
---|---|---|---|---|---|---|
r-devel-linux-x86_64-debian-clang | 1.0.0 | 803.62 | 198.10 | 1001.72 | OK | |
r-devel-linux-x86_64-debian-gcc | 1.0.0 | 704.21 | 181.21 | 885.42 | OK | |
r-devel-linux-x86_64-fedora-clang | 1.0.0 | 1378.74 | OK | |||
r-devel-linux-x86_64-fedora-gcc | 1.0.0 | 2015.28 | OK | |||
r-devel-windows-x86_64 | 1.0.0 | 744.00 | 260.00 | 1004.00 | OK | |
r-patched-linux-x86_64 | 1.0.0 | 871.17 | 246.13 | 1117.30 | OK | |
r-release-linux-x86_64 | 1.0.0 | 889.19 | 248.16 | 1137.35 | OK | |
r-release-macos-arm64 | 1.0.0 | 383.00 | OK | |||
r-release-macos-x86_64 | 1.0.0 | 523.00 | OK | |||
r-release-windows-x86_64 | 1.0.0 | 716.00 | 259.00 | 975.00 | OK | |
r-oldrel-macos-arm64 | 1.0.0 | 204.00 | NOTE | |||
r-oldrel-macos-x86_64 | 1.0.0 | 207.00 | NOTE | |||
r-oldrel-windows-x86_64 | 1.0.0 | 851.00 | 333.00 | 1184.00 | NOTE |
Version: 1.0.0
Check: installed package size
Result: NOTE
installed size is 134.8Mb
sub-directories of 1Mb or more:
doc 1.2Mb
libs 132.7Mb
Flavors: r-oldrel-macos-arm64, r-oldrel-macos-x86_64, r-oldrel-windows-x86_64
Version: 1.0.0
Check: for GNU extensions in Makefiles
Result: NOTE
GNU make is a SystemRequirements.
Flavors: r-oldrel-macos-arm64, r-oldrel-macos-x86_64, r-oldrel-windows-x86_64