Last updated on 2025-11-04 05:51:17 CET.
| Flavor | Version | Tinstall | Tcheck | Ttotal | Status | Flags | 
|---|---|---|---|---|---|---|
| r-devel-linux-x86_64-debian-clang | 1.6.3 | 37.45 | 33.97 | 71.42 | NOTE | |
| r-devel-linux-x86_64-debian-gcc | 1.6.3 | 26.24 | 26.78 | 53.02 | NOTE | |
| r-devel-linux-x86_64-fedora-clang | 1.6.3 | 99.00 | 28.98 | 127.98 | OK | |
| r-devel-linux-x86_64-fedora-gcc | 1.6.3 | 95.00 | 24.42 | 119.42 | OK | |
| r-devel-windows-x86_64 | 1.6.3 | 40.00 | 72.00 | 112.00 | OK | |
| r-patched-linux-x86_64 | 1.6.3 | 36.26 | 30.97 | 67.23 | OK | |
| r-release-linux-x86_64 | 1.6.3 | 36.42 | 31.22 | 67.64 | OK | |
| r-release-macos-arm64 | 1.6.3 | 22.00 | 20.00 | 42.00 | OK | |
| r-release-macos-x86_64 | 1.6.3 | 27.00 | 36.00 | 63.00 | OK | |
| r-release-windows-x86_64 | 1.6.3 | 40.00 | 73.00 | 113.00 | OK | |
| r-oldrel-macos-arm64 | 1.6.3 | 17.00 | 24.00 | 41.00 | OK | |
| r-oldrel-macos-x86_64 | 1.6.3 | 21.00 | 39.00 | 60.00 | OK | |
| r-oldrel-windows-x86_64 | 1.6.3 | 38.00 | 91.00 | 129.00 | OK | 
Version: 1.6.3
Check: CRAN incoming feasibility
Result: NOTE
  Maintainer: ‘Jon Clayden <code@clayden.org>’
  
  No Authors@R field in DESCRIPTION.
  Please add one, modifying
    Authors@R: person(given = "Jon",
                      family = "Clayden",
                      role = c("aut", "cre"),
                      email = "code@clayden.org")
  as necessary.
Flavors: r-devel-linux-x86_64-debian-clang, r-devel-linux-x86_64-debian-gcc