Last updated on 2025-11-19 17:48:45 CET.
| Flavor | Version | Tinstall | Tcheck | Ttotal | Status | Flags |
|---|---|---|---|---|---|---|
| r-devel-linux-x86_64-debian-clang | 2.4.0 | 5.97 | 52.80 | 58.77 | NOTE | |
| r-devel-linux-x86_64-debian-gcc | 2.4.0 | 3.66 | 37.98 | 41.64 | NOTE | |
| r-devel-linux-x86_64-fedora-clang | 2.4.0 | 26.00 | 65.62 | 91.62 | NOTE | |
| r-devel-linux-x86_64-fedora-gcc | 2.4.0 | 23.00 | 62.84 | 85.84 | NOTE | |
| r-devel-windows-x86_64 | 2.4.0 | 7.00 | 64.00 | 71.00 | NOTE | |
| r-patched-linux-x86_64 | 2.4.0 | 5.56 | 48.35 | 53.91 | NOTE | |
| r-release-linux-x86_64 | 2.4.0 | 5.90 | 48.95 | 54.85 | NOTE | |
| r-release-macos-arm64 | 2.4.0 | NOTE | ||||
| r-release-macos-x86_64 | 2.4.0 | 6.00 | 56.00 | 62.00 | NOTE | |
| r-release-windows-x86_64 | 2.4.0 | 7.00 | 64.00 | 71.00 | NOTE | |
| r-oldrel-macos-arm64 | 2.4.0 | NOTE | ||||
| r-oldrel-macos-x86_64 | 2.4.0 | 4.00 | 44.00 | 48.00 | NOTE | |
| r-oldrel-windows-x86_64 | 2.4.0 | 9.00 | 80.00 | 89.00 | NOTE |
Version: 2.4.0
Check: Rd files
Result: NOTE
checkRd: (-1) lientz.Rd:45: Lost braces in \itemize; \value handles \item{}{} directly
checkRd: (-1) lientz.Rd:46: Lost braces in \itemize; \value handles \item{}{} directly
checkRd: (-1) lientz.Rd:47: Lost braces in \itemize; \value handles \item{}{} directly
checkRd: (-1) modeest-package.Rd:150: Escaped LaTeX specials: \&
checkRd: (-1) vieu.Rd:56: Escaped LaTeX specials: \&
Flavors: r-devel-linux-x86_64-debian-clang, r-devel-linux-x86_64-debian-gcc, r-devel-linux-x86_64-fedora-clang, r-devel-linux-x86_64-fedora-gcc, r-devel-windows-x86_64, r-patched-linux-x86_64, r-release-linux-x86_64, r-release-macos-arm64, r-release-macos-x86_64, r-release-windows-x86_64, r-oldrel-macos-arm64, r-oldrel-macos-x86_64, r-oldrel-windows-x86_64
Version: 2.4.0
Check: LazyData
Result: NOTE
'LazyData' is specified without a 'data' directory
Flavors: r-oldrel-macos-arm64, r-oldrel-macos-x86_64, r-oldrel-windows-x86_64