CRAN Package Check Results for Package modesto

Last updated on 2025-11-23 17:50:19 CET.

Flavor Version Tinstall Tcheck Ttotal Status Flags
r-devel-linux-x86_64-debian-clang 0.1.4 13.35 70.03 83.38 NOTE
r-devel-linux-x86_64-debian-gcc 0.1.4 10.94 52.18 63.12 NOTE
r-devel-linux-x86_64-fedora-clang 0.1.4 39.00 98.22 137.22 OK
r-devel-linux-x86_64-fedora-gcc 0.1.4 31.00 94.51 125.51 OK
r-devel-windows-x86_64 0.1.4 26.00 92.00 118.00 OK
r-patched-linux-x86_64 0.1.4 14.62 65.96 80.58 OK
r-release-linux-x86_64 0.1.4 15.49 66.77 82.26 OK
r-release-macos-arm64 0.1.4 OK
r-release-macos-x86_64 0.1.4 14.00 64.00 78.00 OK
r-release-windows-x86_64 0.1.4 19.00 90.00 109.00 OK
r-oldrel-macos-arm64 0.1.4 OK
r-oldrel-macos-x86_64 0.1.4 11.00 46.00 57.00 OK
r-oldrel-windows-x86_64 0.1.4 25.00 116.00 141.00 OK

Check Details

Version: 0.1.4
Check: CRAN incoming feasibility
Result: NOTE Maintainer: ‘Carlos Alberto Cardozo Delgado <cardozorpackages@gmail.com>’ No Authors@R field in DESCRIPTION. Please add one, modifying Authors@R: person(given = c("Carlos", "Alberto", "Cardozo"), family = "Delgado", role = c("aut", "cre"), email = "cardozorpackages@gmail.com") as necessary. Flavors: r-devel-linux-x86_64-debian-clang, r-devel-linux-x86_64-debian-gcc