Last updated on 2024-04-19 06:56:23 CEST.
Flavor | Version | Tinstall | Tcheck | Ttotal | Status | Flags |
---|---|---|---|---|---|---|
r-devel-linux-x86_64-debian-clang | 1.5.5 | 168.79 | 602.71 | 771.50 | OK | |
r-devel-linux-x86_64-debian-gcc | 1.5.5 | OK | ||||
r-devel-linux-x86_64-fedora-clang | 1.5.5 | 972.15 | OK | |||
r-devel-linux-x86_64-fedora-gcc | 1.5.5 | 928.52 | OK | |||
r-prerel-macos-arm64 | 1.5.5 | 212.00 | NOTE | |||
r-prerel-windows-x86_64 | 1.5.5 | 133.00 | 385.00 | 518.00 | OK | |
r-patched-linux-x86_64 | 1.5.5 | 169.47 | 553.63 | 723.10 | OK | |
r-release-linux-x86_64 | 1.5.5 | 156.16 | 555.77 | 711.93 | OK | |
r-release-macos-arm64 | 1.5.5 | 267.00 | NOTE | |||
r-release-macos-x86_64 | 1.5.5 | 454.00 | NOTE | |||
r-release-windows-x86_64 | 1.5.5 | 173.00 | 544.00 | 717.00 | OK | |
r-oldrel-macos-arm64 | 1.5.5 | 232.00 | NOTE | |||
r-oldrel-windows-x86_64 | 1.5.5 | 168.00 | 533.00 | 701.00 | OK |
Version: 1.5.5
Check: installed package size
Result: NOTE
installed size is 8.8Mb
sub-directories of 1Mb or more:
R 2.0Mb
doc 1.7Mb
libs 4.4Mb
Flavors: r-prerel-macos-arm64, r-release-macos-arm64, r-release-macos-x86_64, r-oldrel-macos-arm64