Last updated on 2025-11-03 17:49:55 CET.
| Flavor | Version | Tinstall | Tcheck | Ttotal | Status | Flags |
|---|---|---|---|---|---|---|
| r-devel-linux-x86_64-debian-clang | 4.0.0 | 63.96 | 35.73 | 99.69 | OK | |
| r-devel-linux-x86_64-debian-gcc | 4.0.0 | 42.94 | 27.12 | 70.06 | OK | |
| r-devel-linux-x86_64-fedora-clang | 4.0.0 | 145.00 | 20.36 | 165.36 | OK | |
| r-devel-linux-x86_64-fedora-gcc | 4.0.0 | 149.00 | 16.74 | 165.74 | OK | |
| r-devel-windows-x86_64 | 4.0.0 | 353.00 | 113.00 | 466.00 | OK | |
| r-patched-linux-x86_64 | 4.0.0 | 57.25 | 33.69 | 90.94 | OK | |
| r-release-linux-x86_64 | 4.0.0 | 58.55 | 33.71 | 92.26 | OK | |
| r-release-macos-arm64 | 4.0.0 | 24.00 | 32.00 | 56.00 | OK | |
| r-release-macos-x86_64 | 4.0.0 | 20.00 | 55.00 | 75.00 | OK | |
| r-release-windows-x86_64 | 4.0.0 | 337.00 | 114.00 | 451.00 | OK | |
| r-oldrel-macos-arm64 | 4.0.0 | 22.00 | 36.00 | 58.00 | OK | |
| r-oldrel-macos-x86_64 | 4.0.0 | 25.00 | 73.00 | 98.00 | OK | |
| r-oldrel-windows-x86_64 | 4.0.0 | 405.00 | 146.00 | 551.00 | NOTE |
Version: 4.0.0
Check: installed package size
Result: NOTE
installed size is 6.7Mb
sub-directories of 1Mb or more:
libs 6.6Mb
Flavor: r-oldrel-windows-x86_64