Last updated on 2025-11-23 17:50:19 CET.
| Flavor | Version | Tinstall | Tcheck | Ttotal | Status | Flags |
|---|---|---|---|---|---|---|
| r-devel-linux-x86_64-debian-clang | 1.2.3 | 2.82 | 36.83 | 39.65 | NOTE | |
| r-devel-linux-x86_64-debian-gcc | 1.2.3 | 2.02 | 29.62 | 31.64 | NOTE | |
| r-devel-linux-x86_64-fedora-clang | 1.2.3 | 59.17 | NOTE | |||
| r-devel-linux-x86_64-fedora-gcc | 1.2.3 | 70.35 | NOTE | |||
| r-devel-windows-x86_64 | 1.2.3 | 8.00 | 55.00 | 63.00 | NOTE | |
| r-patched-linux-x86_64 | 1.2.3 | 2.91 | 33.90 | 36.81 | NOTE | |
| r-release-linux-x86_64 | 1.2.3 | 2.74 | 33.74 | 36.48 | NOTE | |
| r-release-macos-arm64 | 1.2.3 | NOTE | ||||
| r-release-macos-x86_64 | 1.2.3 | 2.00 | 46.00 | 48.00 | NOTE | |
| r-release-windows-x86_64 | 1.2.3 | 5.00 | 54.00 | 59.00 | NOTE | |
| r-oldrel-macos-arm64 | 1.2.3 | NOTE | ||||
| r-oldrel-macos-x86_64 | 1.2.3 | 2.00 | 41.00 | 43.00 | NOTE | |
| r-oldrel-windows-x86_64 | 1.2.3 | 6.00 | 63.00 | 69.00 | NOTE |
Version: 1.2.3
Check: Rd files
Result: NOTE
checkRd: (-1) morphemepiece_cache_dir.Rd:17-19: Lost braces in \itemize; meant \describe ?
checkRd: (-1) morphemepiece_cache_dir.Rd:20-21: Lost braces in \itemize; meant \describe ?
checkRd: (-1) morphemepiece_cache_dir.Rd:22-24: Lost braces in \itemize; meant \describe ?
Flavors: r-devel-linux-x86_64-debian-clang, r-devel-linux-x86_64-debian-gcc, r-devel-linux-x86_64-fedora-clang, r-devel-linux-x86_64-fedora-gcc, r-devel-windows-x86_64, r-patched-linux-x86_64, r-release-linux-x86_64, r-release-macos-arm64, r-release-macos-x86_64, r-release-windows-x86_64, r-oldrel-macos-arm64, r-oldrel-macos-x86_64, r-oldrel-windows-x86_64