Last updated on 2024-04-18 06:57:48 CEST.
Flavor | Version | Tinstall | Tcheck | Ttotal | Status | Flags |
---|---|---|---|---|---|---|
r-devel-linux-x86_64-debian-clang | 1.9.1 | 28.56 | 462.13 | 490.69 | OK | |
r-devel-linux-x86_64-debian-gcc | 1.9.1 | 25.48 | 331.34 | 356.82 | OK | |
r-devel-linux-x86_64-fedora-clang | 1.9.1 | 609.29 | NOTE | |||
r-devel-linux-x86_64-fedora-gcc | 1.9.1 | 582.48 | OK | |||
r-prerel-macos-arm64 | 1.9.1 | 149.00 | OK | |||
r-prerel-macos-x86_64 | 1.9.1 | 236.00 | OK | |||
r-prerel-windows-x86_64 | 1.9.1 | 25.00 | 333.00 | 358.00 | OK | |
r-patched-linux-x86_64 | 1.9.1 | 33.94 | 441.47 | 475.41 | OK | |
r-release-linux-x86_64 | 1.9.1 | 24.15 | 425.84 | 449.99 | OK | |
r-release-macos-arm64 | 1.9.1 | 146.00 | OK | |||
r-release-macos-x86_64 | 1.9.1 | 235.00 | OK | |||
r-release-windows-x86_64 | 1.9.1 | 34.00 | 444.00 | 478.00 | OK | |
r-oldrel-macos-arm64 | 1.9.1 | 131.00 | OK | |||
r-oldrel-windows-x86_64 | 1.9.1 | 34.00 | 430.00 | 464.00 | OK |
Version: 1.9.1
Check: Rd cross-references
Result: NOTE
Undeclared package ‘cubature’ in Rd xrefs
Flavor: r-devel-linux-x86_64-fedora-clang