Last updated on 2024-03-28 17:49:34 CET.
Flavor | Version | Tinstall | Tcheck | Ttotal | Status | Flags |
---|---|---|---|---|---|---|
r-devel-linux-x86_64-debian-clang | 0.2-8 | 5.30 | 134.71 | 140.01 | OK | |
r-devel-linux-x86_64-debian-gcc | 0.2-8 | 3.94 | 95.38 | 99.32 | OK | |
r-devel-linux-x86_64-fedora-clang | 0.2-8 | 163.44 | NOTE | |||
r-devel-linux-x86_64-fedora-gcc | 0.2-8 | 174.64 | NOTE | |||
r-devel-windows-x86_64 | 0.2-8 | 8.00 | 141.00 | 149.00 | OK | |
r-patched-linux-x86_64 | 0.2-8 | 4.57 | 130.09 | 134.66 | OK | |
r-release-linux-x86_64 | 0.2-8 | 4.89 | 130.12 | 135.01 | OK | |
r-release-macos-arm64 | 0.2-8 | 85.00 | OK | |||
r-release-macos-x86_64 | 0.2-8 | 182.00 | OK | |||
r-release-windows-x86_64 | 0.2-8 | 10.00 | 159.00 | 169.00 | OK | |
r-oldrel-macos-arm64 | 0.2-8 | 71.00 | OK | |||
r-oldrel-windows-x86_64 | 0.2-8 | 10.00 | 146.00 | 156.00 | OK |
Version: 0.2-8
Check: data for non-ASCII characters
Result: NOTE
Note: found 121 marked UTF-8 strings
Flavors: r-devel-linux-x86_64-fedora-clang, r-devel-linux-x86_64-fedora-gcc