CRAN Package Check Results for Package mr.pivw

Last updated on 2025-07-02 06:49:27 CEST.

Flavor Version Tinstall Tcheck Ttotal Status Flags
r-devel-linux-x86_64-debian-clang 0.1.1 1.78 18.84 20.62 NOTE
r-devel-linux-x86_64-debian-gcc 0.1.1 1.44 15.52 16.96 NOTE
r-devel-linux-x86_64-fedora-clang 0.1.1 31.76 OK
r-devel-linux-x86_64-fedora-gcc 0.1.1 30.66 OK
r-devel-windows-x86_64 0.1.1 4.00 44.00 48.00 OK
r-patched-linux-x86_64 OK
r-release-linux-x86_64 0.1.1 1.84 17.75 19.59 OK
r-release-macos-arm64 0.1.1 18.00 OK
r-release-macos-x86_64 0.1.1 27.00 OK
r-release-windows-x86_64 0.1.1 2.00 47.00 49.00 OK
r-oldrel-macos-arm64 0.1.1 15.00 OK
r-oldrel-macos-x86_64 0.1.1 22.00 OK
r-oldrel-windows-x86_64 0.1.1 3.00 41.00 44.00 OK

Check Details

Version: 0.1.1
Check: CRAN incoming feasibility
Result: NOTE Maintainer: ‘Siqi Xu <sqxu@hku.hk>’ No Authors@R field in DESCRIPTION. Please add one, modifying Authors@R: person(given = "Siqi", family = "Xu", role = c("aut", "cre"), email = "sqxu@hku.hk") as necessary. Flavors: r-devel-linux-x86_64-debian-clang, r-devel-linux-x86_64-debian-gcc