Last updated on 2024-03-28 17:49:34 CET.
Flavor | Version | Tinstall | Tcheck | Ttotal | Status | Flags |
---|---|---|---|---|---|---|
r-devel-linux-x86_64-debian-clang | 1.0.16 | 107.26 | 120.36 | 227.62 | OK | |
r-devel-linux-x86_64-debian-gcc | 1.0.16 | 78.61 | 94.13 | 172.74 | OK | |
r-devel-linux-x86_64-fedora-clang | 1.0.16 | 299.78 | OK | |||
r-devel-linux-x86_64-fedora-gcc | 1.0.16 | 307.74 | OK | |||
r-devel-windows-x86_64 | 1.0.16 | 84.00 | 136.00 | 220.00 | OK | |
r-patched-linux-x86_64 | 1.0.16 | 101.34 | 120.66 | 222.00 | OK | |
r-release-linux-x86_64 | 1.0.16 | 91.44 | 121.04 | 212.48 | OK | |
r-release-macos-arm64 | 1.0.16 | 86.00 | NOTE | |||
r-release-macos-x86_64 | 1.0.16 | 125.00 | NOTE | |||
r-release-windows-x86_64 | 1.0.16 | 102.00 | 163.00 | 265.00 | OK | |
r-oldrel-macos-arm64 | 1.0.16 | 85.00 | NOTE | |||
r-oldrel-windows-x86_64 | 1.0.16 | 98.00 | 168.00 | 266.00 | OK |
Version: 1.0.16
Check: installed package size
Result: NOTE
installed size is 14.8Mb
sub-directories of 1Mb or more:
data 1.6Mb
libs 12.7Mb
Flavors: r-release-macos-arm64, r-release-macos-x86_64, r-oldrel-macos-arm64