CRAN Package Check Results for Package mscsweblm4r

Last updated on 2025-11-23 17:50:19 CET.

Flavor Version Tinstall Tcheck Ttotal Status Flags
r-devel-linux-x86_64-debian-clang 0.1.2 2.47 33.53 36.00 NOTE
r-devel-linux-x86_64-debian-gcc 0.1.2 1.92 27.21 29.13 NOTE
r-devel-linux-x86_64-fedora-clang 0.1.2 54.16 OK
r-devel-linux-x86_64-fedora-gcc 0.1.2 64.63 OK
r-devel-windows-x86_64 0.1.2 5.00 51.00 56.00 OK
r-patched-linux-x86_64 0.1.2 2.64 30.76 33.40 OK
r-release-linux-x86_64 0.1.2 2.35 30.74 33.09 OK
r-release-macos-arm64 0.1.2 OK
r-release-macos-x86_64 0.1.2 3.00 47.00 50.00 OK
r-release-windows-x86_64 0.1.2 4.00 52.00 56.00 OK
r-oldrel-macos-arm64 0.1.2 OK
r-oldrel-macos-x86_64 0.1.2 2.00 37.00 39.00 OK
r-oldrel-windows-x86_64 0.1.2 5.00 58.00 63.00 OK

Check Details

Version: 0.1.2
Check: CRAN incoming feasibility
Result: NOTE Maintainer: ‘Phil Ferriere <pferriere@hotmail.com>’ Found the following (possibly) invalid file URI: URI: ./CONDUCT.md From: README.md Flavors: r-devel-linux-x86_64-debian-clang, r-devel-linux-x86_64-debian-gcc