Last updated on 2024-07-05 19:04:25 CEST.
Flavor | Version | Tinstall | Tcheck | Ttotal | Status | Flags |
---|---|---|---|---|---|---|
r-devel-linux-x86_64-debian-clang | 0.5.3 | 3.59 | 56.93 | 60.52 | NOTE | |
r-devel-linux-x86_64-debian-gcc | 0.5.3 | 2.77 | 42.57 | 45.34 | NOTE | |
r-devel-linux-x86_64-fedora-clang | 0.5.3 | 74.82 | NOTE | |||
r-devel-linux-x86_64-fedora-gcc | 0.5.3 | 71.40 | NOTE | |||
r-devel-windows-x86_64 | 0.5.3 | 4.00 | 77.00 | 81.00 | NOTE | |
r-patched-linux-x86_64 | 0.5.3 | 3.62 | 55.97 | 59.59 | NOTE | |
r-release-linux-x86_64 | 0.5.3 | 3.16 | 55.91 | 59.07 | NOTE | |
r-release-macos-arm64 | 0.5.3 | 27.00 | NOTE | |||
r-release-macos-x86_64 | 0.5.3 | 40.00 | NOTE | |||
r-release-windows-x86_64 | 0.5.3 | 5.00 | 77.00 | 82.00 | NOTE | |
r-oldrel-macos-arm64 | 0.5.3 | 31.00 | NOTE | |||
r-oldrel-macos-x86_64 | 0.5.3 | 43.00 | NOTE | |||
r-oldrel-windows-x86_64 | 0.5.3 | 5.00 | 82.00 | 87.00 | NOTE |
Version: 0.5.3
Check: Rd files
Result: NOTE
checkRd: (-1) ml_g.Rd:47: Escaped LaTeX specials: \&
Flavors: r-devel-linux-x86_64-debian-clang, r-devel-linux-x86_64-debian-gcc, r-devel-linux-x86_64-fedora-clang, r-devel-linux-x86_64-fedora-gcc, r-devel-windows-x86_64, r-patched-linux-x86_64, r-release-linux-x86_64, r-release-macos-arm64, r-release-macos-x86_64, r-release-windows-x86_64, r-oldrel-macos-arm64, r-oldrel-macos-x86_64, r-oldrel-windows-x86_64