Last updated on 2024-04-23 18:51:02 CEST.
Flavor | Version | Tinstall | Tcheck | Ttotal | Status | Flags |
---|---|---|---|---|---|---|
r-devel-linux-x86_64-debian-clang | 0.3.2 | 20.25 | 194.85 | 215.10 | OK | |
r-devel-linux-x86_64-debian-gcc | 0.3.2 | 14.13 | 151.84 | 165.97 | OK | |
r-devel-linux-x86_64-fedora-clang | 0.3.2 | 276.72 | OK | |||
r-devel-linux-x86_64-fedora-gcc | 0.3.2 | 275.97 | OK | |||
r-prerel-macos-arm64 | 0.3.2 | 77.00 | OK | |||
r-prerel-windows-x86_64 | 0.3.2 | 16.00 | 173.00 | 189.00 | OK | |
r-patched-linux-x86_64 | 0.3.2 | 18.65 | 171.52 | 190.17 | OK | |
r-release-linux-x86_64 | 0.3.2 | 14.66 | 189.33 | 203.99 | OK | |
r-release-macos-arm64 | 0.3.2 | 82.00 | OK | |||
r-release-macos-x86_64 | 0.3.2 | 141.00 | OK | |||
r-release-windows-x86_64 | 0.3.2 | 21.00 | 210.00 | 231.00 | OK | |
r-oldrel-macos-arm64 | 0.3.2 | 67.00 | NOTE | |||
r-oldrel-windows-x86_64 | 0.3.2 | 20.00 | 201.00 | 221.00 | OK |
Version: 0.3.2
Check: re-building of vignette outputs
Result: NOTE
Error(s) in re-building vignettes:
--- re-building ‘visuals_demo.Rmd’ using rmarkdown
Warning in doTryCatch(return(expr), name, parentenv, handler) :
no font could be found for family "Arial"
Warning in doTryCatch(return(expr), name, parentenv, handler) :
no font could be found for family "Arial"
Warning in doTryCatch(return(expr), name, parentenv, handler) :
no font could be found for family "Arial"
Warning in doTryCatch(return(expr), name, parentenv, handler) :
no font could be found for family "Arial"
Warning in doTryCatch(return(expr), name, parentenv, handler) :
no font could be found for family "Arial"
Warning in doTryCatch(return(expr), name, parentenv, handler) :
no font could be found for family "Arial"
Warning in doTryCatch(return(expr), name, parentenv, handler) :
no font could be found for family "Arial"
Warning in doTryCatch(return(expr), name, parentenv, handler) :
no font could be found for family "Arial"
Warning in doTryCatch(return(expr), name, parentenv, handler) :
no font could be found for family "Arial"
Warning in doTryCatch(return(expr), name, parentenv, handler) :
no font could be found for family "Arial"
Warning in doTryCatch(return(expr), name, parentenv, handler) :
no font could be found for family "Arial"
Warning in doTryCatch(return(expr), name, parentenv, handler) :
no font could be found for family "Arial"
Warning in doTryCatch(return(expr), name, parentenv, handler) :
no font could be found for family "Arial"
Warning in doTryCatch(return(expr), name, parentenv, handler) :
no font could be found for family "Arial"
Warning in doTryCatch(return(expr), name, parentenv, handler) :
no font could be found for family "Arial"
Warning in doTryCatch(return(expr), name, parentenv, handler) :
no font could be found for family "Arial"
Warning in doTryCatch(return(expr), name, parentenv, handler) :
no font could be found for family "Arial"
Warning in doTryCatch(return(expr), name, parentenv, handler) :
no font could be found for family "Arial"
Warning in doTryCatch(return(expr), name, parentenv, handler) :
no font could be found for family "Arial"
Warning in doTryCatch(return(expr), name, parentenv, handler) :
no font could be found for family "Arial"
Warning in doTryCatch(return(expr), name, parentenv, handler) :
no font could be found for family "Arial"
Warning in doTryCatch(return(expr), name, parentenv, handler) :
no font could be found for family "Arial"
Warning in doTryCatch(return(expr), name, parentenv, handler) :
no font could be found for family "Arial"
Warning in doTryCatch(return(expr), name, parentenv, handler) :
no font could be found for family "Arial"
Warning in doTryCatch(return(expr), name, parentenv, handler) :
no font could be found for family "Arial"
Warning in doTryCatch(return(expr), name, parentenv, handler) :
no font could be found for family "Arial"
Warning in doTryCatch(return(expr), name, parentenv, handler) :
no font could be found for family "Arial"
Warning in doTryCatch(return(expr), name, parentenv, handler) :
no font could be found for family "Arial"
Warning in doTryCatch(return(expr), name, parentenv, handler) :
no font could be found for family "Arial"
Warning in doTryCatch(return(expr), name, parentenv, handler) :
no font could be found for family "Arial"
Warning in doTryCatch(return(expr), name, parentenv, handler) :
no font could be found for family "Arial"
Warning in doTryCatch(return(expr), name, parentenv, handler) :
no font could be found for family "Arial"
Warning in doTryCatch(return(expr), name, parentenv, handler) :
no font could be found for family "Arial"
Warning in doTryCatch(return(expr), name, parentenv, handler) :
no font could be found for family "Arial"
Warning in doTryCatch(return(expr), name, parentenv, handler) :
no font could be found for family "Arial"
Warning in doTryCatch(return(expr), name, parentenv, handler) :
no font could be found for family "Arial"
Warning in doTryCatch(return(expr), name, parentenv, handler) :
no font could be found for family "Arial"
Warning in doTryCatch(return(expr), name, parentenv, handler) :
no font could be found for family "Arial"
Warning in doTryCatch(return(expr), name, parentenv, handler) :
no font could be found for family "Arial"
Warning in doTryCatch(return(expr), name, parentenv, handler) :
no font could be found for family "Arial"
Warning in doTryCatch(return(expr), name, parentenv, handler) :
no font could be found for family "Arial"
Warning in doTryCatch(return(expr), name, parentenv, handler) :
no font could be found for family "Arial"
Warning in doTryCatch(return(expr), name, parentenv, handler) :
no font could be found for family "Arial"
Warning in doTryCatch(return(expr), name, parentenv, handler) :
no font could be found for family "Arial"
Warning in doTryCatch(return(expr), name, parentenv, handler) :
no font could be found for family "Arial"
Quitting from lines 101-102 (visuals_demo.Rmd)
Error: processing vignette 'visuals_demo.Rmd' failed with diagnostics:
polygon edge not found
--- failed re-building ‘visuals_demo.Rmd’
--- re-building ‘Tutorial.Rnw’ using Sweave
--- finished re-building ‘Tutorial.Rnw’
SUMMARY: processing the following file failed:
‘visuals_demo.Rmd’
Error: Vignette re-building failed.
Execution halted
Flavor: r-oldrel-macos-arm64