Last updated on 2024-03-28 17:49:34 CET.
Flavor | Version | Tinstall | Tcheck | Ttotal | Status | Flags |
---|---|---|---|---|---|---|
r-devel-linux-x86_64-debian-clang | 0.1.1 | 1.93 | 20.51 | 22.44 | NOTE | |
r-devel-linux-x86_64-debian-gcc | 0.1.1 | 1.57 | 16.20 | 17.77 | NOTE | |
r-devel-linux-x86_64-fedora-clang | 0.1.1 | 28.17 | NOTE | |||
r-devel-linux-x86_64-fedora-gcc | 0.1.1 | 28.76 | NOTE | |||
r-devel-windows-x86_64 | 0.1.1 | 2.00 | 37.00 | 39.00 | NOTE | |
r-patched-linux-x86_64 | 0.1.1 | 2.00 | 19.56 | 21.56 | NOTE | |
r-release-linux-x86_64 | 0.1.1 | 1.78 | 19.69 | 21.47 | NOTE | |
r-release-macos-arm64 | 0.1.1 | 16.00 | NOTE | |||
r-release-macos-x86_64 | 0.1.1 | 19.00 | NOTE | |||
r-release-windows-x86_64 | 0.1.1 | 3.00 | 36.00 | 39.00 | NOTE | |
r-oldrel-macos-arm64 | 0.1.1 | 15.00 | NOTE | |||
r-oldrel-windows-x86_64 | 0.1.1 | 3.00 | 42.00 | 45.00 | NOTE |
Version: 0.1.1
Check: LazyData
Result: NOTE
'LazyData' is specified without a 'data' directory
Flavors: r-devel-linux-x86_64-debian-clang, r-devel-linux-x86_64-debian-gcc, r-devel-linux-x86_64-fedora-clang, r-devel-linux-x86_64-fedora-gcc, r-devel-windows-x86_64, r-patched-linux-x86_64, r-release-linux-x86_64, r-release-macos-arm64, r-release-macos-x86_64, r-release-windows-x86_64, r-oldrel-macos-arm64, r-oldrel-windows-x86_64