Last updated on 2024-07-23 18:59:05 CEST.
Flavor | Version | Tinstall | Tcheck | Ttotal | Status | Flags |
---|---|---|---|---|---|---|
r-devel-linux-x86_64-debian-clang | 0.2.2 | 32.38 | 36.91 | 69.29 | OK | |
r-devel-linux-x86_64-debian-gcc | 0.2.2 | 18.96 | 29.03 | 47.99 | OK | |
r-devel-linux-x86_64-fedora-clang | 0.2.2 | 98.29 | OK | |||
r-devel-linux-x86_64-fedora-gcc | 0.2.2 | 90.45 | OK | |||
r-devel-windows-x86_64 | 0.2.2 | 26.00 | 71.00 | 97.00 | OK | |
r-patched-linux-x86_64 | 0.2.2 | 38.03 | 36.81 | 74.84 | OK | |
r-release-linux-x86_64 | 0.2.2 | 22.16 | 35.73 | 57.89 | OK | |
r-release-macos-arm64 | 0.2.2 | 29.00 | OK | |||
r-release-macos-x86_64 | 0.2.2 | 55.00 | OK | |||
r-release-windows-x86_64 | 0.2.2 | 35.00 | 73.00 | 108.00 | OK | |
r-oldrel-macos-arm64 | 0.2.2 | 32.00 | OK | |||
r-oldrel-macos-x86_64 | 0.2.2 | 48.00 | NOTE | |||
r-oldrel-windows-x86_64 | 0.2.2 | 31.00 | 82.00 | 113.00 | OK |
Version: 0.2.2
Check: package dependencies
Result: NOTE
Package suggested but not available for checking: ‘statnet’
Flavor: r-oldrel-macos-x86_64