Last updated on 2024-03-28 06:01:30 CET.
Flavor | Version | Tinstall | Tcheck | Ttotal | Status | Flags |
---|---|---|---|---|---|---|
r-devel-linux-x86_64-debian-clang | 2.1-1 | 14.20 | 194.14 | 208.34 | NOTE | |
r-devel-linux-x86_64-debian-gcc | 2.1-1 | 12.38 | 141.34 | 153.72 | NOTE | |
r-devel-linux-x86_64-fedora-clang | 2.1-1 | 264.59 | NOTE | |||
r-devel-linux-x86_64-fedora-gcc | 2.1-1 | 267.79 | NOTE | |||
r-devel-windows-x86_64 | 2.1-1 | 14.00 | 158.00 | 172.00 | NOTE | |
r-patched-linux-x86_64 | 2.1-1 | 16.70 | 195.43 | 212.13 | OK | |
r-release-linux-x86_64 | 2.1-1 | 10.12 | 188.68 | 198.80 | OK | |
r-release-macos-arm64 | 2.1-1 | 82.00 | OK | |||
r-release-macos-x86_64 | 2.1-1 | 146.00 | OK | |||
r-release-windows-x86_64 | 2.1-1 | 19.00 | 191.00 | 210.00 | OK | |
r-oldrel-macos-arm64 | 2.1-1 | 45.00 | OK | |||
r-oldrel-windows-x86_64 | 2.1-1 | 21.00 | 191.00 | 212.00 | OK |
Version: 2.1-1
Check: Rd files
Result: NOTE
checkRd: (-1) biomasse.Rd:30: Lost braces
30 | Makowski, D., Jeuffroy, M.-H., Gu\'{e}rif, M., 2004 Bayesian methods for
| ^
checkRd: (-1) climat.Rd:20: Lost braces
20 | Makowski, D., Jeuffroy, M.-H., Gu\'{e}rif, M., 2004 Bayesian methods for
| ^
checkRd: (-1) simulmodel.Rd:15: Lost braces
15 | \item{\dots}{... }{possible fixed parameters of the R-function}
| ^
Flavors: r-devel-linux-x86_64-debian-clang, r-devel-linux-x86_64-debian-gcc, r-devel-linux-x86_64-fedora-clang, r-devel-linux-x86_64-fedora-gcc, r-devel-windows-x86_64