Last updated on 2025-11-23 05:50:25 CET.
| Flavor | Version | Tinstall | Tcheck | Ttotal | Status | Flags |
|---|---|---|---|---|---|---|
| r-devel-linux-x86_64-debian-clang | 0.0.4 | 6.75 | 83.40 | 90.15 | NOTE | |
| r-devel-linux-x86_64-debian-gcc | 0.0.4 | 5.78 | 62.33 | 68.11 | NOTE | |
| r-devel-linux-x86_64-fedora-clang | 0.0.4 | 17.00 | 125.04 | 142.04 | NOTE | |
| r-devel-linux-x86_64-fedora-gcc | 0.0.4 | 16.00 | 133.75 | 149.75 | NOTE | |
| r-devel-windows-x86_64 | 0.0.4 | 12.00 | 87.00 | 99.00 | NOTE | |
| r-patched-linux-x86_64 | 0.0.4 | 7.69 | 81.06 | 88.75 | NOTE | |
| r-release-linux-x86_64 | 0.0.4 | 8.33 | 79.81 | 88.14 | NOTE | |
| r-release-macos-arm64 | 0.0.4 | NOTE | ||||
| r-release-macos-x86_64 | 0.0.4 | 13.00 | 124.00 | 137.00 | NOTE | |
| r-release-windows-x86_64 | 0.0.4 | 10.00 | 99.00 | 109.00 | NOTE | |
| r-oldrel-macos-arm64 | 0.0.4 | OK | ||||
| r-oldrel-macos-x86_64 | 0.0.4 | 6.00 | 69.00 | 75.00 | OK | |
| r-oldrel-windows-x86_64 | 0.0.4 | 12.00 | 110.00 | 122.00 | OK |
Version: 0.0.4
Check: DESCRIPTION meta-information
Result: NOTE
Missing dependency on R >= 4.1.0 because package code uses the pipe
|> or function shorthand \(...) syntax added in R 4.1.0.
File(s) using such syntax:
‘DFA.R’ ‘mvDFA.R’ ‘simulate_Lorenz_noise.R’
Flavors: r-devel-linux-x86_64-debian-clang, r-devel-linux-x86_64-debian-gcc, r-devel-linux-x86_64-fedora-clang, r-devel-linux-x86_64-fedora-gcc, r-devel-windows-x86_64, r-patched-linux-x86_64, r-release-linux-x86_64, r-release-macos-arm64, r-release-macos-x86_64, r-release-windows-x86_64