Last updated on 2025-11-23 05:50:25 CET.
| Flavor | Version | Tinstall | Tcheck | Ttotal | Status | Flags |
|---|---|---|---|---|---|---|
| r-devel-linux-x86_64-debian-clang | 2.8.232 | 3.88 | 96.70 | 100.58 | NOTE | |
| r-devel-linux-x86_64-debian-gcc | 2.8.232 | 3.01 | 62.28 | 65.29 | NOTE | |
| r-devel-linux-x86_64-fedora-clang | 2.8.232 | 155.24 | OK | |||
| r-devel-linux-x86_64-fedora-gcc | 2.8.232 | 150.16 | OK | |||
| r-devel-windows-x86_64 | 2.8.232 | 5.00 | 105.00 | 110.00 | OK | |
| r-patched-linux-x86_64 | 2.8.232 | 6.16 | 86.82 | 92.98 | OK | |
| r-release-linux-x86_64 | 2.8.232 | 3.86 | 89.65 | 93.51 | OK | |
| r-release-macos-arm64 | 2.8.232 | OK | ||||
| r-release-macos-x86_64 | 2.8.232 | 6.00 | 151.00 | 157.00 | OK | |
| r-release-windows-x86_64 | 2.8.232 | 6.00 | 104.00 | 110.00 | OK | |
| r-oldrel-macos-arm64 | 2.8.232 | OK | ||||
| r-oldrel-macos-x86_64 | 2.8.232 | 5.00 | 110.00 | 115.00 | OK | |
| r-oldrel-windows-x86_64 | 2.8.232 | 5.00 | 101.00 | 106.00 | OK |
Version: 2.8.232
Check: CRAN incoming feasibility
Result: NOTE
Maintainer: ‘Mark V. Bravington <mark.bravington@csiro.au>’
No Authors@R field in DESCRIPTION.
Please add one, modifying
Authors@R: person(given = c("Mark", "V."),
family = "Bravington",
role = c("aut", "cre"),
email = "mark.bravington@csiro.au")
as necessary.
Flavors: r-devel-linux-x86_64-debian-clang, r-devel-linux-x86_64-debian-gcc