CRAN Package Check Results for Package mvctm

Last updated on 2025-07-26 18:51:00 CEST.

Flavor Version Tinstall Tcheck Ttotal Status Flags
r-devel-linux-x86_64-debian-clang 1.2 10.02 77.86 87.88 NOTE
r-devel-linux-x86_64-debian-gcc 1.2 6.61 58.52 65.13 NOTE
r-devel-linux-x86_64-fedora-clang 1.2 146.26 OK
r-devel-linux-x86_64-fedora-gcc 1.2 129.05 OK
r-devel-windows-x86_64 1.2 12.00 96.00 108.00 OK
r-patched-linux-x86_64 1.2 9.71 75.69 85.40 OK
r-release-linux-x86_64 1.2 8.68 75.97 84.65 OK
r-release-macos-arm64 1.2 43.00 OK
r-release-macos-x86_64 1.2 98.00 OK
r-release-windows-x86_64 1.2 11.00 106.00 117.00 OK
r-oldrel-macos-arm64 1.2 38.00 OK
r-oldrel-macos-x86_64 1.2 60.00 OK
r-oldrel-windows-x86_64 1.2 13.00 113.00 126.00 OK

Check Details

Version: 1.2
Check: CRAN incoming feasibility
Result: NOTE Maintainer: ‘Denis Larocque <denis.larocque@hec.ca>’ No Authors@R field in DESCRIPTION. Please add one, modifying Authors@R: person(given = "Denis", family = "Larocque", role = c("aut", "cre"), email = "denis.larocque@hec.ca") as necessary. Flavors: r-devel-linux-x86_64-debian-clang, r-devel-linux-x86_64-debian-gcc