Last updated on 2025-11-23 05:50:25 CET.
| Flavor | Version | Tinstall | Tcheck | Ttotal | Status | Flags |
|---|---|---|---|---|---|---|
| r-devel-linux-x86_64-debian-clang | 1.0.1 | 41.96 | 64.59 | 106.55 | NOTE | |
| r-devel-linux-x86_64-debian-gcc | 1.0.1 | 27.22 | 46.17 | 73.39 | NOTE | |
| r-devel-linux-x86_64-fedora-clang | 1.0.1 | 107.00 | 80.88 | 187.88 | OK | |
| r-devel-linux-x86_64-fedora-gcc | 1.0.1 | 66.00 | 98.92 | 164.92 | OK | |
| r-devel-windows-x86_64 | 1.0.1 | 55.00 | 85.00 | 140.00 | OK | |
| r-patched-linux-x86_64 | 1.0.1 | 43.76 | 58.43 | 102.19 | OK | |
| r-release-linux-x86_64 | 1.0.1 | 45.87 | 57.98 | 103.85 | OK | |
| r-release-macos-arm64 | 1.0.1 | OK | ||||
| r-release-macos-x86_64 | 1.0.1 | 17.00 | 40.00 | 57.00 | OK | |
| r-release-windows-x86_64 | 1.0.1 | 52.00 | 89.00 | 141.00 | OK | |
| r-oldrel-macos-arm64 | 1.0.1 | OK | ||||
| r-oldrel-macos-x86_64 | 1.0.1 | 16.00 | 35.00 | 51.00 | OK | |
| r-oldrel-windows-x86_64 | 1.0.1 | 62.00 | 113.00 | 175.00 | OK |
Version: 1.0.1
Check: CRAN incoming feasibility
Result: NOTE
Maintainer: ‘Hesen Li <li.hesen.21@gmail.com>’
No Authors@R field in DESCRIPTION.
Please add one, modifying
Authors@R: person(given = "Hesen",
family = "Li",
role = c("aut", "cre"),
email = "li.hesen.21@gmail.com")
as necessary.
Flavors: r-devel-linux-x86_64-debian-clang, r-devel-linux-x86_64-debian-gcc