Last updated on 2024-05-04 06:52:10 CEST.
Flavor | Version | Tinstall | Tcheck | Ttotal | Status | Flags |
---|---|---|---|---|---|---|
r-devel-linux-x86_64-debian-clang | 0.1.1 | 2.73 | 30.62 | 33.35 | NOTE | |
r-devel-linux-x86_64-debian-gcc | 0.1.1 | 2.09 | 23.40 | 25.49 | NOTE | |
r-devel-linux-x86_64-fedora-clang | 0.1.1 | 42.72 | NOTE | |||
r-devel-linux-x86_64-fedora-gcc | 0.1.1 | 63.21 | NOTE | |||
r-devel-windows-x86_64 | 0.1.1 | 3.00 | 46.00 | 49.00 | NOTE | |
r-patched-linux-x86_64 | 0.1.1 | 2.88 | 29.10 | 31.98 | NOTE | |
r-release-linux-x86_64 | 0.1.1 | 2.17 | 28.75 | 30.92 | NOTE | |
r-release-macos-arm64 | 0.1.1 | 28.00 | NOTE | |||
r-release-windows-x86_64 | 0.1.1 | 4.00 | 47.00 | 51.00 | NOTE | |
r-oldrel-macos-arm64 | 0.1.1 | 26.00 | NOTE | |||
r-oldrel-macos-x86_64 | 0.1.1 | 35.00 | NOTE | |||
r-oldrel-windows-x86_64 | 0.1.1 | 3.00 | 47.00 | 50.00 | NOTE |
Version: 0.1.1
Check: LazyData
Result: NOTE
'LazyData' is specified without a 'data' directory
Flavors: r-devel-linux-x86_64-debian-clang, r-devel-linux-x86_64-debian-gcc, r-devel-linux-x86_64-fedora-clang, r-devel-linux-x86_64-fedora-gcc, r-devel-windows-x86_64, r-patched-linux-x86_64, r-release-linux-x86_64, r-release-macos-arm64, r-release-windows-x86_64, r-oldrel-macos-arm64, r-oldrel-macos-x86_64, r-oldrel-windows-x86_64