CRAN Package Check Results for Package ncar

Last updated on 2025-07-20 18:51:37 CEST.

Flavor Version Tinstall Tcheck Ttotal Status Flags
r-devel-linux-x86_64-debian-clang 0.5.0 2.56 24.34 26.90 NOTE
r-devel-linux-x86_64-debian-gcc 0.5.0 1.82 20.29 22.11 NOTE
r-devel-linux-x86_64-fedora-clang 0.5.0 43.99 OK
r-devel-linux-x86_64-fedora-gcc 0.5.0 39.24 OK
r-devel-windows-x86_64 0.5.0 5.00 48.00 53.00 OK
r-patched-linux-x86_64 0.5.0 1.75 22.97 24.72 OK
r-release-linux-x86_64 0.5.0 1.87 22.89 24.76 OK
r-release-macos-arm64 0.5.0 16.00 OK
r-release-macos-x86_64 0.5.0 29.00 OK
r-release-windows-x86_64 0.5.0 3.00 48.00 51.00 OK
r-oldrel-macos-arm64 0.5.0 16.00 OK
r-oldrel-macos-x86_64 0.5.0 23.00 OK
r-oldrel-windows-x86_64 0.5.0 3.00 54.00 57.00 OK

Check Details

Version: 0.5.0
Check: CRAN incoming feasibility
Result: NOTE Maintainer: ‘Kyun-Seop Bae <k@acr.kr>’ No Authors@R field in DESCRIPTION. Please add one, modifying Authors@R: person(given = "Kyun-Seop", family = "Bae", role = c("aut", "cre"), email = "k@acr.kr") as necessary. Flavors: r-devel-linux-x86_64-debian-clang, r-devel-linux-x86_64-debian-gcc