Last updated on 2024-03-28 17:49:35 CET.
Flavor | Version | Tinstall | Tcheck | Ttotal | Status | Flags |
---|---|---|---|---|---|---|
r-devel-linux-x86_64-debian-clang | 1.3-2 | 4.13 | 50.67 | 54.80 | NOTE | |
r-devel-linux-x86_64-debian-gcc | 1.3-2 | 3.92 | 37.89 | 41.81 | NOTE | |
r-devel-linux-x86_64-fedora-clang | 1.3-2 | 68.55 | NOTE | |||
r-devel-linux-x86_64-fedora-gcc | 1.3-2 | 68.24 | NOTE | |||
r-devel-windows-x86_64 | 1.3-2 | 4.00 | 59.00 | 63.00 | NOTE | |
r-patched-linux-x86_64 | 1.3-2 | 4.98 | 48.94 | 53.92 | NOTE | |
r-release-linux-x86_64 | 1.3-2 | 3.84 | 49.01 | 52.85 | NOTE | |
r-release-macos-arm64 | 1.3-2 | 23.00 | NOTE | |||
r-release-macos-x86_64 | 1.3-2 | 36.00 | NOTE | |||
r-release-windows-x86_64 | 1.3-2 | 6.00 | 67.00 | 73.00 | NOTE | |
r-oldrel-macos-arm64 | 1.3-2 | 24.00 | OK | |||
r-oldrel-windows-x86_64 | 1.3-2 | 24.00 | 70.00 | 94.00 | OK |
Version: 1.3-2
Check: package subdirectories
Result: NOTE
Problems with news in ‘NEWS.md’:
No news entries found.
Flavors: r-devel-linux-x86_64-debian-clang, r-devel-linux-x86_64-debian-gcc, r-devel-linux-x86_64-fedora-clang, r-devel-linux-x86_64-fedora-gcc, r-devel-windows-x86_64, r-patched-linux-x86_64, r-release-linux-x86_64, r-release-macos-arm64, r-release-macos-x86_64, r-release-windows-x86_64