Last updated on 2024-04-23 06:57:06 CEST.
Flavor | Version | Tinstall | Tcheck | Ttotal | Status | Flags |
---|---|---|---|---|---|---|
r-devel-linux-x86_64-debian-clang | 3.14.1 | 9.21 | 59.42 | 68.63 | NOTE | |
r-devel-linux-x86_64-debian-gcc | 3.14.2 | 6.67 | 44.73 | 51.40 | OK | |
r-devel-linux-x86_64-fedora-clang | 3.14.2 | 89.27 | OK | |||
r-devel-linux-x86_64-fedora-gcc | 3.14.2 | 97.42 | OK | |||
r-prerel-macos-arm64 | 3.14.2 | 58.00 | OK | |||
r-prerel-macos-x86_64 | 3.14.2 | 143.00 | OK | |||
r-prerel-windows-x86_64 | 3.14.2 | 18.00 | 73.00 | 91.00 | OK | |
r-patched-linux-x86_64 | 3.14.1 | 9.68 | 58.84 | 68.52 | NOTE | |
r-release-linux-x86_64 | 3.14.1 | 8.00 | 57.82 | 65.82 | OK | |
r-release-macos-arm64 | 3.14.2 | 70.00 | OK | |||
r-release-macos-x86_64 | 3.14.2 | 146.00 | OK | |||
r-release-windows-x86_64 | 3.14.2 | 15.00 | 83.00 | 98.00 | OK | |
r-oldrel-macos-arm64 | 3.14.2 | 45.00 | OK | |||
r-oldrel-windows-x86_64 | 3.14.1 | 14.00 | 78.00 | 92.00 | OK |
Version: 3.14.1
Check: Rd files
Result: NOTE
checkRd: (-1) cv.ncvreg.Rd:153: Lost braces
153 | c("\\Sexpr[results=rd]{tools:::Rd_expr_doi(\"#1\")}",
| ^
checkRd: (-1) ncvreg.Rd:207: Lost braces
207 | c("\\Sexpr[results=rd]{tools:::Rd_expr_doi(\"#1\")}",
| ^
checkRd: (-1) ncvsurv.Rd:178: Lost braces
178 | \strong{5}: 232-253. c("\\Sexpr[results=rd]{tools:::Rd_expr_doi(\"#1\")}",
| ^
checkRd: (-1) ncvsurv.Rd:184: Lost braces
184 | c("\\Sexpr[results=rd]{tools:::Rd_expr_doi(\"#1\")}",
| ^
checkRd: (-1) plot.cv.ncvreg.Rd:81: Lost braces
81 | c("\\Sexpr[results=rd]{tools:::Rd_expr_doi(\"#1\")}",
| ^
checkRd: (-1) plot.ncvreg.Rd:40: Lost braces
40 | c("\\Sexpr[results=rd]{tools:::Rd_expr_doi(\"#1\")}",
| ^
checkRd: (-1) predict.ncvreg.Rd:92: Lost braces
92 | c("\\Sexpr[results=rd]{tools:::Rd_expr_doi(\"#1\")}",
| ^
checkRd: (-1) predict.ncvsurv.Rd:88: Lost braces
88 | \strong{5}: 232-253. c("\\Sexpr[results=rd]{tools:::Rd_expr_doi(\"#1\")}",
| ^
checkRd: (-1) summary.cv.ncvreg.Rd:64: Lost braces
64 | c("\\Sexpr[results=rd]{tools:::Rd_expr_doi(\"#1\")}",
| ^
Flavors: r-devel-linux-x86_64-debian-clang, r-patched-linux-x86_64