Last updated on 2024-03-28 17:49:35 CET.
Flavor | Version | Tinstall | Tcheck | Ttotal | Status | Flags |
---|---|---|---|---|---|---|
r-devel-linux-x86_64-debian-clang | 2.1.0 | 9.52 | 93.32 | 102.84 | OK | |
r-devel-linux-x86_64-debian-gcc | 2.1.0 | 5.16 | 70.84 | 76.00 | OK | |
r-devel-linux-x86_64-fedora-clang | 2.1.0 | 127.23 | NOTE | |||
r-devel-linux-x86_64-fedora-gcc | 2.1.0 | 123.03 | OK | |||
r-devel-windows-x86_64 | 2.1.0 | 9.00 | 86.00 | 95.00 | NOTE | |
r-patched-linux-x86_64 | 2.1.0 | 6.64 | 90.44 | 97.08 | OK | |
r-release-linux-x86_64 | 2.1.0 | 6.27 | 91.34 | 97.61 | OK | |
r-release-macos-arm64 | 2.1.0 | 41.00 | NOTE | |||
r-release-macos-x86_64 | 2.1.0 | 59.00 | NOTE | |||
r-release-windows-x86_64 | 2.1.0 | 12.00 | 111.00 | 123.00 | NOTE | |
r-oldrel-macos-arm64 | 2.1.0 | 41.00 | NOTE | |||
r-oldrel-windows-x86_64 | 2.1.0 | 13.00 | 113.00 | 126.00 | NOTE |
Version: 2.1.0
Check: installed package size
Result: NOTE
installed size is 6.3Mb
Flavors: r-devel-linux-x86_64-fedora-clang, r-devel-windows-x86_64, r-release-macos-arm64, r-release-macos-x86_64, r-release-windows-x86_64, r-oldrel-macos-arm64, r-oldrel-windows-x86_64