Last updated on 2025-11-09 17:49:47 CET.
| Flavor | Version | Tinstall | Tcheck | Ttotal | Status | Flags |
|---|---|---|---|---|---|---|
| r-devel-linux-x86_64-debian-clang | 1.0.3 | 1.96 | 31.85 | 33.81 | OK | |
| r-devel-linux-x86_64-debian-gcc | 1.0.3 | 1.32 | 24.19 | 25.51 | OK | |
| r-devel-linux-x86_64-fedora-clang | 1.0.3 | 52.80 | OK | |||
| r-devel-linux-x86_64-fedora-gcc | 1.0.3 | 64.91 | OK | |||
| r-devel-windows-x86_64 | 1.0.3 | 5.00 | 49.00 | 54.00 | OK | |
| r-patched-linux-x86_64 | 1.0.3 | 2.03 | 29.99 | 32.02 | OK | |
| r-release-linux-x86_64 | 1.0.3 | 1.75 | 30.03 | 31.78 | OK | |
| r-release-macos-arm64 | 1.0.3 | 1.00 | 26.00 | 27.00 | OK | |
| r-release-macos-x86_64 | 1.0.3 | 2.00 | 50.00 | 52.00 | OK | |
| r-release-windows-x86_64 | 1.0.3 | 3.00 | 48.00 | 51.00 | OK | |
| r-oldrel-macos-arm64 | 1.0.3 | 1.00 | 23.00 | 24.00 | NOTE | |
| r-oldrel-macos-x86_64 | 1.0.3 | 2.00 | 43.00 | 45.00 | NOTE | |
| r-oldrel-windows-x86_64 | 1.0.3 | 3.00 | 59.00 | 62.00 | NOTE |
Version: 1.0.3
Check: LazyData
Result: NOTE
'LazyData' is specified without a 'data' directory
Flavors: r-oldrel-macos-arm64, r-oldrel-macos-x86_64, r-oldrel-windows-x86_64