Last updated on 2025-05-19 18:50:33 CEST.
Flavor | Version | Tinstall | Tcheck | Ttotal | Status | Flags |
---|---|---|---|---|---|---|
r-devel-linux-x86_64-debian-clang | 1.0.1 | 41.55 | 28.91 | 70.46 | NOTE | |
r-devel-linux-x86_64-debian-gcc | 1.0.1 | 29.16 | 21.57 | 50.73 | NOTE | |
r-devel-linux-x86_64-fedora-clang | 1.0.1 | 116.73 | NOTE | |||
r-devel-linux-x86_64-fedora-gcc | 1.0.1 | 131.34 | NOTE | |||
r-devel-windows-x86_64 | 1.0.1 | 43.00 | 80.00 | 123.00 | NOTE | |
r-patched-linux-x86_64 | 1.0.1 | 39.30 | 26.31 | 65.61 | NOTE | |
r-release-linux-x86_64 | 1.0.1 | 39.22 | 26.36 | 65.58 | NOTE | |
r-release-macos-arm64 | 1.0.1 | 35.00 | NOTE | |||
r-release-macos-x86_64 | 1.0.1 | 62.00 | NOTE | |||
r-release-windows-x86_64 | 1.0.1 | 41.00 | 76.00 | 117.00 | NOTE | |
r-oldrel-macos-arm64 | 1.0.1 | 33.00 | NOTE | |||
r-oldrel-macos-x86_64 | 1.0.1 | 69.00 | NOTE | |||
r-oldrel-windows-x86_64 | 1.0.1 | 51.00 | 81.00 | 132.00 | NOTE |
Version: 1.0.1
Check: CRAN incoming feasibility
Result: NOTE
Maintainer: ‘Shuchismita Sarkar <ssarkar@bgsu.edu>’
No Authors@R field in DESCRIPTION.
Please add one, modifying
Authors@R: c(person(given = "Shuchismita",
family = "Sarkar",
role = c("aut", "cre"),
email = "ssarkar@bgsu.edu"),
person(given = "Volodymyr",
family = "Melnykov",
role = "aut"))
as necessary.
Flavors: r-devel-linux-x86_64-debian-clang, r-devel-linux-x86_64-debian-gcc
Version: 1.0.1
Check: C++ specification
Result: NOTE
Specified C++11: please drop specification unless essential
Flavors: r-devel-linux-x86_64-debian-clang, r-devel-linux-x86_64-debian-gcc, r-devel-linux-x86_64-fedora-clang, r-devel-linux-x86_64-fedora-gcc, r-devel-windows-x86_64, r-patched-linux-x86_64, r-release-linux-x86_64, r-release-macos-arm64, r-release-macos-x86_64, r-release-windows-x86_64, r-oldrel-macos-arm64, r-oldrel-macos-x86_64, r-oldrel-windows-x86_64
Version: 1.0.1
Check: installed package size
Result: NOTE
installed size is 5.5Mb
sub-directories of 1Mb or more:
libs 5.4Mb
Flavors: r-oldrel-macos-arm64, r-oldrel-macos-x86_64