Last updated on 2024-04-18 06:57:48 CEST.
Flavor | Version | Tinstall | Tcheck | Ttotal | Status | Flags |
---|---|---|---|---|---|---|
r-devel-linux-x86_64-debian-clang | 0.7.0 | 9.54 | 84.20 | 93.74 | NOTE | |
r-devel-linux-x86_64-debian-gcc | 0.7.0 | 7.76 | 63.97 | 71.73 | NOTE | |
r-devel-linux-x86_64-fedora-clang | 0.7.0 | 116.92 | NOTE | |||
r-devel-linux-x86_64-fedora-gcc | 0.7.0 | 115.90 | NOTE | |||
r-prerel-macos-arm64 | 0.7.0 | 34.00 | NOTE | |||
r-prerel-windows-x86_64 | 0.7.0 | 9.00 | 80.00 | 89.00 | NOTE | |
r-patched-linux-x86_64 | 0.7.0 | 11.52 | 81.32 | 92.84 | NOTE | |
r-release-linux-x86_64 | 0.7.0 | 9.85 | 81.78 | 91.63 | OK | |
r-release-macos-arm64 | 0.7.0 | 39.00 | OK | |||
r-release-macos-x86_64 | 0.7.0 | 58.00 | OK | |||
r-release-windows-x86_64 | 0.7.0 | 12.00 | 94.00 | 106.00 | OK | |
r-oldrel-macos-arm64 | 0.7.0 | 36.00 | OK | |||
r-oldrel-windows-x86_64 | 0.7.0 | 11.00 | 98.00 | 109.00 | OK |
Version: 0.7.0
Check: Rd files
Result: NOTE
checkRd: (-1) partial_correlation.Rd:26: Lost braces in \itemize; meant \describe ?
checkRd: (-1) partial_correlation.Rd:27: Lost braces in \itemize; meant \describe ?
checkRd: (-1) partial_correlation.Rd:28: Lost braces in \itemize; meant \describe ?
checkRd: (-1) partial_correlation.Rd:29: Lost braces in \itemize; meant \describe ?
Flavors: r-devel-linux-x86_64-debian-clang, r-devel-linux-x86_64-debian-gcc, r-devel-linux-x86_64-fedora-clang, r-devel-linux-x86_64-fedora-gcc, r-prerel-macos-arm64, r-prerel-windows-x86_64, r-patched-linux-x86_64