CRAN Package Check Results for Package netcontrol

Last updated on 2025-07-27 06:49:33 CEST.

Flavor Version Tinstall Tcheck Ttotal Status Flags
r-devel-linux-x86_64-debian-clang 0.1 24.39 58.16 82.55 NOTE
r-devel-linux-x86_64-debian-gcc 0.1 18.09 44.37 62.46 NOTE
r-devel-linux-x86_64-fedora-clang 0.1 146.30 NOTE
r-devel-linux-x86_64-fedora-gcc 0.1 128.60 NOTE
r-devel-windows-x86_64 0.1 31.00 104.00 135.00 NOTE
r-patched-linux-x86_64 0.1 24.30 55.21 79.51 NOTE
r-release-linux-x86_64 0.1 23.68 55.62 79.30 NOTE
r-release-macos-arm64 0.1 39.00 NOTE
r-release-macos-x86_64 0.1 100.00 NOTE
r-release-windows-x86_64 0.1 29.00 88.00 117.00 NOTE
r-oldrel-macos-arm64 0.1 38.00 NOTE
r-oldrel-macos-x86_64 0.1 69.00 NOTE
r-oldrel-windows-x86_64 0.1 36.00 113.00 149.00 NOTE

Check Details

Version: 0.1
Check: CRAN incoming feasibility
Result: NOTE Maintainer: ‘Teague R. Henry <trhenry@email.unc.edu>’ No Authors@R field in DESCRIPTION. Please add one, modifying Authors@R: person(given = c("Teague", "R."), family = "Henry", role = c("aut", "cre"), email = "trhenry@email.unc.edu") as necessary. Flavors: r-devel-linux-x86_64-debian-clang, r-devel-linux-x86_64-debian-gcc

Version: 0.1
Check: C++ specification
Result: NOTE Specified C++11: please drop specification unless essential Flavors: r-devel-linux-x86_64-debian-clang, r-devel-linux-x86_64-debian-gcc, r-devel-linux-x86_64-fedora-clang, r-devel-linux-x86_64-fedora-gcc, r-devel-windows-x86_64, r-patched-linux-x86_64, r-release-linux-x86_64, r-release-macos-arm64, r-release-macos-x86_64, r-release-windows-x86_64, r-oldrel-macos-arm64, r-oldrel-macos-x86_64, r-oldrel-windows-x86_64