Last updated on 2024-07-03 18:57:42 CEST.
Flavor | Version | Tinstall | Tcheck | Ttotal | Status | Flags |
---|---|---|---|---|---|---|
r-devel-linux-x86_64-debian-clang | 0.1.2 | 29.52 | 74.94 | 104.46 | NOTE | |
r-devel-linux-x86_64-debian-gcc | 0.1.2 | 24.33 | 57.57 | 81.90 | NOTE | |
r-devel-linux-x86_64-fedora-clang | 0.1.2 | 153.04 | NOTE | |||
r-devel-linux-x86_64-fedora-gcc | 0.1.2 | 142.43 | NOTE | |||
r-devel-windows-x86_64 | 0.1.2 | 31.00 | 94.00 | 125.00 | NOTE | |
r-patched-linux-x86_64 | 0.1.2 | 31.48 | 70.71 | 102.19 | NOTE | |
r-release-linux-x86_64 | 0.1.2 | 33.50 | 71.71 | 105.21 | NOTE | |
r-release-macos-arm64 | 0.1.2 | 36.00 | NOTE | |||
r-release-macos-x86_64 | 0.1.2 | 57.00 | NOTE | |||
r-release-windows-x86_64 | 0.1.2 | 30.00 | 92.00 | 122.00 | NOTE | |
r-oldrel-macos-arm64 | 0.1.2 | 44.00 | NOTE | |||
r-oldrel-macos-x86_64 | 0.1.2 | 76.00 | NOTE | |||
r-oldrel-windows-x86_64 | 0.1.2 | 37.00 | 112.00 | 149.00 | NOTE |
Version: 0.1.2
Check: C++ specification
Result: NOTE
Specified C++11: please drop specification unless essential
Flavors: r-devel-linux-x86_64-debian-clang, r-devel-linux-x86_64-debian-gcc, r-devel-linux-x86_64-fedora-clang, r-devel-linux-x86_64-fedora-gcc, r-devel-windows-x86_64, r-patched-linux-x86_64, r-release-linux-x86_64, r-release-macos-arm64, r-release-macos-x86_64, r-release-windows-x86_64, r-oldrel-macos-arm64, r-oldrel-macos-x86_64, r-oldrel-windows-x86_64