CRAN Package Check Results for Package networktree

Last updated on 2025-11-23 17:50:19 CET.

Flavor Version Tinstall Tcheck Ttotal Status Flags
r-devel-linux-x86_64-debian-clang 1.0.1 6.20 62.69 68.89 NOTE
r-devel-linux-x86_64-debian-gcc 1.0.1 6.00 45.75 51.75 NOTE
r-devel-linux-x86_64-fedora-clang 1.0.1 17.00 92.39 109.39 NOTE
r-devel-linux-x86_64-fedora-gcc 1.0.1 16.00 86.00 102.00 NOTE
r-devel-windows-x86_64 1.0.1 10.00 72.00 82.00 NOTE
r-patched-linux-x86_64 1.0.1 7.52 59.87 67.39 NOTE
r-release-linux-x86_64 1.0.1 7.81 59.62 67.43 NOTE
r-release-macos-arm64 1.0.1 NOTE
r-release-macos-x86_64 1.0.1 8.00 52.00 60.00 NOTE
r-release-windows-x86_64 1.0.1 9.00 80.00 89.00 NOTE
r-oldrel-macos-arm64 1.0.1 NOTE
r-oldrel-macos-x86_64 1.0.1 7.00 46.00 53.00 NOTE
r-oldrel-windows-x86_64 1.0.1 12.00 92.00 104.00 NOTE

Check Details

Version: 1.0.1
Check: Rd files
Result: NOTE checkRd: (-1) networktree.Rd:56: Lost braces; missing escapes or markup? 56 | with a matrix response {y}. \code{x1} and \code{x2} are used as | ^ Flavors: r-devel-linux-x86_64-debian-clang, r-devel-linux-x86_64-debian-gcc, r-devel-linux-x86_64-fedora-clang, r-devel-linux-x86_64-fedora-gcc, r-devel-windows-x86_64, r-patched-linux-x86_64, r-release-linux-x86_64, r-release-macos-arm64, r-release-macos-x86_64, r-release-windows-x86_64, r-oldrel-macos-arm64, r-oldrel-macos-x86_64, r-oldrel-windows-x86_64