Last updated on 2024-04-19 19:50:21 CEST.
Flavor | Version | Tinstall | Tcheck | Ttotal | Status | Flags |
---|---|---|---|---|---|---|
r-devel-linux-x86_64-debian-clang | 1.1.0 | 3.27 | 39.76 | 43.03 | NOTE | |
r-devel-linux-x86_64-debian-gcc | 1.1.0 | NOTE | ||||
r-devel-linux-x86_64-fedora-clang | 1.1.0 | 81.52 | OK | |||
r-devel-linux-x86_64-fedora-gcc | 1.1.0 | 92.06 | OK | |||
r-prerel-macos-arm64 | 1.1.0 | 27.00 | NOTE | |||
r-prerel-windows-x86_64 | 1.1.0 | 5.00 | 85.00 | 90.00 | OK | |
r-patched-linux-x86_64 | 1.1.0 | 2.92 | 39.26 | 42.18 | NOTE | |
r-release-linux-x86_64 | 1.1.0 | 3.46 | 36.74 | 40.20 | NOTE | |
r-release-macos-arm64 | 1.1.0 | 28.00 | NOTE | |||
r-release-macos-x86_64 | 1.1.0 | 42.00 | NOTE | |||
r-release-windows-x86_64 | 1.1.0 | 5.00 | 69.00 | 74.00 | NOTE | |
r-oldrel-macos-arm64 | 1.1.0 | 23.00 | NOTE | |||
r-oldrel-windows-x86_64 | 1.1.0 | 4.00 | 72.00 | 76.00 | NOTE |
Version: 1.1.0
Check: package dependencies
Result: NOTE
Package suggested but not available for checking: ‘INLA’
Flavors: r-devel-linux-x86_64-debian-clang, r-devel-linux-x86_64-debian-gcc, r-prerel-macos-arm64, r-patched-linux-x86_64, r-release-linux-x86_64, r-release-macos-arm64, r-release-macos-x86_64, r-release-windows-x86_64, r-oldrel-macos-arm64, r-oldrel-windows-x86_64