Last updated on 2024-05-09 18:51:41 CEST.
Flavor | Version | Tinstall | Tcheck | Ttotal | Status | Flags |
---|---|---|---|---|---|---|
r-devel-linux-x86_64-debian-clang | 1.2.0 | 2.37 | 39.85 | 42.22 | OK | |
r-devel-linux-x86_64-debian-gcc | 1.2.0 | 2.05 | 30.42 | 32.47 | OK | |
r-devel-linux-x86_64-fedora-clang | 1.2.0 | 35.64 | NOTE | |||
r-devel-linux-x86_64-fedora-gcc | 1.2.0 | 40.34 | NOTE | |||
r-devel-windows-x86_64 | 1.2.0 | 3.00 | 56.00 | 59.00 | OK | |
r-patched-linux-x86_64 | 1.2.0 | 2.26 | 38.08 | 40.34 | OK | |
r-release-linux-x86_64 | 1.2.0 | 1.59 | 24.45 | 26.04 | OK | |
r-release-macos-arm64 | 1.2.0 | 32.00 | OK | |||
r-release-windows-x86_64 | 1.2.0 | 4.00 | 56.00 | 60.00 | OK | |
r-oldrel-macos-arm64 | 1.2.0 | 74.00 | OK | |||
r-oldrel-macos-x86_64 | 1.2.0 | 49.00 | OK | |||
r-oldrel-windows-x86_64 | 1.2.0 | 4.00 | 59.00 | 63.00 | OK |
Version: 1.2.0
Check: dependencies in R code
Result: NOTE
Namespaces in Imports field not imported from:
‘devtools’ ‘jsonlite’
All declared Imports should be used.
Flavors: r-devel-linux-x86_64-fedora-clang, r-devel-linux-x86_64-fedora-gcc