Last updated on 2025-11-23 17:50:20 CET.
| Flavor | Version | Tinstall | Tcheck | Ttotal | Status | Flags |
|---|---|---|---|---|---|---|
| r-devel-linux-x86_64-debian-clang | 1.0.2 | 23.16 | 233.12 | 256.28 | NOTE | |
| r-devel-linux-x86_64-debian-gcc | 1.0.2 | 15.27 | 151.21 | 166.48 | NOTE | |
| r-devel-linux-x86_64-fedora-clang | 1.0.2 | 48.00 | 350.39 | 398.39 | NOTE | |
| r-devel-linux-x86_64-fedora-gcc | 1.0.2 | 49.00 | 333.49 | 382.49 | NOTE | |
| r-devel-windows-x86_64 | 1.0.2 | 25.00 | 229.00 | 254.00 | NOTE | |
| r-patched-linux-x86_64 | 1.0.2 | 23.64 | 210.58 | 234.22 | NOTE | |
| r-release-linux-x86_64 | 1.0.2 | 20.52 | 213.16 | 233.68 | NOTE | |
| r-release-macos-arm64 | 1.0.2 | NOTE | ||||
| r-release-macos-x86_64 | 1.0.2 | 15.00 | 158.00 | 173.00 | NOTE | |
| r-release-windows-x86_64 | 1.0.2 | 26.00 | 230.00 | 256.00 | NOTE | |
| r-oldrel-macos-arm64 | 1.0.2 | NOTE | ||||
| r-oldrel-macos-x86_64 | 1.0.2 | 14.00 | 123.00 | 137.00 | NOTE | |
| r-oldrel-windows-x86_64 | 1.0.2 | 34.00 | 293.00 | 327.00 | NOTE |
Version: 1.0.2
Check: Rd files
Result: NOTE
checkRd: (-1) imp_int_an.Rd:24: Lost braces in \itemize; meant \describe ?
checkRd: (-1) imp_int_an.Rd:25: Lost braces in \itemize; meant \describe ?
checkRd: (-1) plot.ndmodel.Rd:16: Lost braces in \itemize; meant \describe ?
checkRd: (-1) plot.ndmodel.Rd:17: Lost braces in \itemize; meant \describe ?
checkRd: (-1) plot.ndmodel.Rd:18: Lost braces in \itemize; meant \describe ?
Flavors: r-devel-linux-x86_64-debian-clang, r-devel-linux-x86_64-debian-gcc, r-devel-linux-x86_64-fedora-clang, r-devel-linux-x86_64-fedora-gcc, r-devel-windows-x86_64, r-patched-linux-x86_64, r-release-linux-x86_64, r-release-macos-arm64, r-release-macos-x86_64, r-release-windows-x86_64, r-oldrel-macos-arm64, r-oldrel-macos-x86_64, r-oldrel-windows-x86_64