CRAN Package Check Results for Package nomogramEx

Last updated on 2025-07-27 18:51:27 CEST.

Flavor Version Tinstall Tcheck Ttotal Status Flags
r-devel-linux-x86_64-debian-clang 3.0 10.38 92.64 103.02 NOTE
r-devel-linux-x86_64-debian-gcc 3.0 8.81 67.99 76.80 NOTE
r-devel-linux-x86_64-fedora-clang 3.0 168.51 OK
r-devel-linux-x86_64-fedora-gcc 3.0 154.21 OK
r-devel-windows-x86_64 3.0 15.00 95.00 110.00 OK
r-patched-linux-x86_64 3.0 10.73 86.59 97.32 OK
r-release-linux-x86_64 3.0 10.20 87.69 97.89 OK
r-release-macos-arm64 3.0 43.00 OK
r-release-macos-x86_64 3.0 78.00 OK
r-release-windows-x86_64 3.0 13.00 95.00 108.00 OK
r-oldrel-macos-arm64 3.0 43.00 NOTE
r-oldrel-macos-x86_64 3.0 64.00 NOTE
r-oldrel-windows-x86_64 3.0 17.00 118.00 135.00 NOTE

Check Details

Version: 3.0
Check: CRAN incoming feasibility
Result: NOTE Maintainer: ‘Zhicheng Du<dgdzc@hotmail.com>’ No Authors@R field in DESCRIPTION. Please add one, modifying Authors@R: c(person(given = "Zhicheng", family = "Du", role = c("aut", "cre"), email = "dgdzc@hotmail.com"), person(given = "Yuantao", family = "Hao", role = "aut")) as necessary. Found the following \keyword or \concept entries which likely give several index terms: File ‘nomogramEx.Rd’: \keyword{nomogram, survival probability} Flavors: r-devel-linux-x86_64-debian-clang, r-devel-linux-x86_64-debian-gcc

Version: 3.0
Check: LazyData
Result: NOTE 'LazyData' is specified without a 'data' directory Flavors: r-oldrel-macos-arm64, r-oldrel-macos-x86_64, r-oldrel-windows-x86_64