Last updated on 2025-11-24 17:50:07 CET.
| Flavor | Version | Tinstall | Tcheck | Ttotal | Status | Flags |
|---|---|---|---|---|---|---|
| r-devel-linux-x86_64-debian-clang | 0.2.2 | 13.88 | 46.00 | 59.88 | OK | |
| r-devel-linux-x86_64-debian-gcc | 0.2.2 | 10.98 | 33.00 | 43.98 | OK | |
| r-devel-linux-x86_64-fedora-clang | 0.2.2 | 26.00 | 72.54 | 98.54 | NOTE | |
| r-devel-linux-x86_64-fedora-gcc | 0.2.2 | 29.00 | 64.44 | 93.44 | NOTE | |
| r-devel-windows-x86_64 | 0.2.2 | 18.00 | 79.00 | 97.00 | OK | |
| r-patched-linux-x86_64 | 0.2.2 | 15.36 | 42.44 | 57.80 | OK | |
| r-release-linux-x86_64 | 0.2.2 | 14.28 | 42.40 | 56.68 | OK | |
| r-release-macos-arm64 | 0.2.2 | OK | ||||
| r-release-macos-x86_64 | 0.2.2 | 17.00 | 72.00 | 89.00 | OK | |
| r-release-windows-x86_64 | 0.2.2 | 16.00 | 77.00 | 93.00 | OK | |
| r-oldrel-macos-arm64 | 0.2.2 | NOTE | ||||
| r-oldrel-macos-x86_64 | 0.2.2 | 16.00 | 37.00 | 53.00 | NOTE | |
| r-oldrel-windows-x86_64 | 0.2.2 | 15.00 | 96.00 | 111.00 | NOTE |
Version: 0.2.2
Check: compiled code
Result: NOTE
File ‘noncompliance/libs/noncompliance.so’:
Found no calls to: ‘R_registerRoutines’, ‘R_useDynamicSymbols’
It is good practice to register native routines and to disable symbol
search.
See ‘Writing portable packages’ in the ‘Writing R Extensions’ manual.
Flavors: r-devel-linux-x86_64-fedora-clang, r-devel-linux-x86_64-fedora-gcc
Version: 0.2.2
Check: LazyData
Result: NOTE
'LazyData' is specified without a 'data' directory
Flavors: r-oldrel-macos-arm64, r-oldrel-macos-x86_64, r-oldrel-windows-x86_64