Last updated on 2024-04-28 06:56:08 CEST.
Flavor | Version | Tinstall | Tcheck | Ttotal | Status | Flags |
---|---|---|---|---|---|---|
r-devel-linux-x86_64-debian-clang | 0.1-7 | 3.14 | 84.46 | 87.60 | NOTE | |
r-devel-linux-x86_64-debian-gcc | 0.1-7 | 3.25 | 66.67 | 69.92 | NOTE | |
r-devel-linux-x86_64-fedora-clang | 0.1-7 | 111.95 | NOTE | |||
r-devel-linux-x86_64-fedora-gcc | 0.1-7 | 120.94 | NOTE | |||
r-devel-windows-x86_64 | 0.1-7 | 4.00 | 73.00 | 77.00 | NOTE | |
r-patched-linux-x86_64 | 0.1-7 | 3.71 | 82.48 | 86.19 | NOTE | |
r-release-linux-x86_64 | 0.1-7 | 4.15 | 79.66 | 83.81 | OK | |
r-release-macos-arm64 | 0.1-7 | 49.00 | NOTE | |||
r-release-windows-x86_64 | 0.1-7 | 4.00 | 73.00 | 77.00 | NOTE | |
r-oldrel-macos-arm64 | 0.1-7 | 53.00 | OK | |||
r-oldrel-macos-x86_64 | 0.1-7 | 75.00 | OK | |||
r-oldrel-windows-x86_64 | 0.1-7 | 6.00 | 72.00 | 78.00 | OK |
Version: 0.1-7
Check: Rd files
Result: NOTE
checkRd: (-1) nplr.Rd:48-51: Lost braces in \itemize; meant \describe ?
checkRd: (-1) nplr.Rd:52-55: Lost braces in \itemize; meant \describe ?
checkRd: (-1) nplr.Rd:56-59: Lost braces in \itemize; meant \describe ?
checkRd: (-1) nplr.Rd:70: Lost braces in \itemize; meant \describe ?
checkRd: (-1) nplr.Rd:71: Lost braces in \itemize; meant \describe ?
checkRd: (-1) nplr.Rd:72: Lost braces in \itemize; meant \describe ?
checkRd: (-1) nplr.Rd:73: Lost braces in \itemize; meant \describe ?
checkRd: (-1) nplr.Rd:74: Lost braces in \itemize; meant \describe ?
checkRd: (-1) nplr.Rd:75: Lost braces in \itemize; meant \describe ?
checkRd: (-1) nplr.Rd:76: Lost braces in \itemize; meant \describe ?
checkRd: (-1) nplr.Rd:77: Lost braces in \itemize; meant \describe ?
checkRd: (-1) nplr.Rd:78: Lost braces in \itemize; meant \describe ?
checkRd: (-1) nplr.Rd:79: Lost braces in \itemize; meant \describe ?
checkRd: (-1) nplr.Rd:80: Lost braces in \itemize; meant \describe ?
checkRd: (-1) nplr.Rd:81: Lost braces in \itemize; meant \describe ?
checkRd: (-1) nplr.Rd:82: Lost braces in \itemize; meant \describe ?
Flavors: r-devel-linux-x86_64-debian-clang, r-devel-linux-x86_64-debian-gcc, r-devel-linux-x86_64-fedora-clang, r-devel-linux-x86_64-fedora-gcc, r-devel-windows-x86_64, r-patched-linux-x86_64, r-release-macos-arm64, r-release-windows-x86_64