Last updated on 2025-11-23 17:50:20 CET.
| Flavor | Version | Tinstall | Tcheck | Ttotal | Status | Flags |
|---|---|---|---|---|---|---|
| r-devel-linux-x86_64-debian-clang | 1.6 | 6.23 | 56.73 | 62.96 | NOTE | |
| r-devel-linux-x86_64-debian-gcc | 1.6 | 4.62 | 43.92 | 48.54 | NOTE | |
| r-devel-linux-x86_64-fedora-clang | 1.6 | 16.00 | 78.91 | 94.91 | OK | |
| r-devel-linux-x86_64-fedora-gcc | 1.6 | 15.00 | 74.17 | 89.17 | OK | |
| r-devel-windows-x86_64 | 1.6 | 8.00 | 72.00 | 80.00 | OK | |
| r-patched-linux-x86_64 | 1.6 | 5.54 | 52.94 | 58.48 | OK | |
| r-release-linux-x86_64 | 1.6 | 6.10 | 53.17 | 59.27 | OK | |
| r-release-macos-arm64 | 1.6 | OK | ||||
| r-release-macos-x86_64 | 1.6 | 6.00 | 45.00 | 51.00 | OK | |
| r-release-windows-x86_64 | 1.6 | 7.00 | 78.00 | 85.00 | OK | |
| r-oldrel-macos-arm64 | 1.6 | OK | ||||
| r-oldrel-macos-x86_64 | 1.6 | 5.00 | 37.00 | 42.00 | OK | |
| r-oldrel-windows-x86_64 | 1.6 | 10.00 | 78.00 | 88.00 | OK |
Version: 1.6
Check: CRAN incoming feasibility
Result: NOTE
Maintainer: ‘Eisuke Inoue <eisuke.inoue@marianna-u.ac.jp>’
No Authors@R field in DESCRIPTION.
Please add one, modifying
Authors@R: person(given = "Eisuke",
family = "Inoue",
role = c("aut", "cre"),
email = "eisuke.inoue@marianna-u.ac.jp")
as necessary.
Flavors: r-devel-linux-x86_64-debian-clang, r-devel-linux-x86_64-debian-gcc