Last updated on 2024-03-28 17:49:35 CET.
Flavor | Version | Tinstall | Tcheck | Ttotal | Status | Flags |
---|---|---|---|---|---|---|
r-devel-linux-x86_64-debian-clang | 1.1 | 13.43 | 105.39 | 118.82 | NOTE | |
r-devel-linux-x86_64-debian-gcc | 1.1 | 8.92 | 77.45 | 86.37 | NOTE | |
r-devel-linux-x86_64-fedora-clang | 1.1 | 140.26 | NOTE | |||
r-devel-linux-x86_64-fedora-gcc | 1.1 | 140.38 | NOTE | |||
r-devel-windows-x86_64 | 1.1 | 12.00 | 90.00 | 102.00 | NOTE | |
r-patched-linux-x86_64 | 1.1 | 12.53 | 99.68 | 112.21 | NOTE | |
r-release-linux-x86_64 | 1.1 | 10.45 | 100.74 | 111.19 | OK | |
r-release-macos-arm64 | 1.1 | 43.00 | OK | |||
r-release-macos-x86_64 | 1.1 | 73.00 | OK | |||
r-release-windows-x86_64 | 1.1 | 14.00 | 107.00 | 121.00 | OK | |
r-oldrel-macos-arm64 | 1.1 | 42.00 | OK | |||
r-oldrel-windows-x86_64 | 1.1 | 15.00 | 112.00 | 127.00 | OK |
Version: 1.1
Check: Rd files
Result: NOTE
checkRd: (-1) ROCbands.Rd:56: Lost braces in \itemize; meant \describe ?
checkRd: (-1) ROCbands.Rd:64: Lost braces in \itemize; meant \describe ?
checkRd: (-1) ROCbands.Rd:72: Lost braces in \itemize; meant \describe ?
checkRd: (-1) cdROC.Rd:62: Lost braces in \itemize; meant \describe ?
checkRd: (-1) cdROC.Rd:68: Lost braces in \itemize; meant \describe ?
checkRd: (-1) cdROC.Rd:72: Lost braces in \itemize; meant \describe ?
checkRd: (-1) cdROC.Rd:78: Lost braces in \itemize; meant \describe ?
checkRd: (-1) cdROC.Rd:82: Lost braces in \itemize; meant \describe ?
checkRd: (-1) checkROC.Rd:26: Lost braces in \itemize; meant \describe ?
checkRd: (-1) checkROC.Rd:27: Lost braces in \itemize; meant \describe ?
checkRd: (-1) checkROC.Rd:28: Lost braces in \itemize; meant \describe ?
checkRd: (-1) checkROC.Rd:29: Lost braces in \itemize; meant \describe ?
checkRd: (-1) checkROC.Rd:30: Lost braces in \itemize; meant \describe ?
checkRd: (-1) compareROCdep.Rd:91: Lost braces in \itemize; meant \describe ?
checkRd: (-1) compareROCdep.Rd:95: Lost braces in \itemize; meant \describe ?
checkRd: (-1) compareROCdep.Rd:99: Lost braces in \itemize; meant \describe ?
checkRd: (-1) compareROCdep.Rd:103: Lost braces in \itemize; meant \describe ?
checkRd: (-1) compareROCindep.Rd:88: Lost braces in \itemize; meant \describe ?
checkRd: (-1) compareROCindep.Rd:94: Lost braces in \itemize; meant \describe ?
checkRd: (-1) compareROCindep.Rd:100: Lost braces in \itemize; meant \describe ?
checkRd: (-1) metaROC.Rd:23: Lost braces in \itemize; meant \describe ?
checkRd: (-1) metaROC.Rd:24: Lost braces in \itemize; meant \describe ?
checkRd: (-1) metaROC.Rd:25: Lost braces in \itemize; meant \describe ?
checkRd: (-1) metaROC.Rd:26: Lost braces in \itemize; meant \describe ?
checkRd: (-1) metaROC.Rd:27: Lost braces in \itemize; meant \describe ?
checkRd: (-1) metaROC.Rd:77: Lost braces in \itemize; \value handles \item{}{} directly
checkRd: (-1) metaROC.Rd:78: Lost braces in \itemize; \value handles \item{}{} directly
checkRd: (-1) metaROC.Rd:79: Lost braces in \itemize; \value handles \item{}{} directly
checkRd: (-1) metaROC.Rd:80: Lost braces in \itemize; \value handles \item{}{} directly
Flavors: r-devel-linux-x86_64-debian-clang, r-devel-linux-x86_64-debian-gcc, r-devel-linux-x86_64-fedora-clang, r-devel-linux-x86_64-fedora-gcc, r-devel-windows-x86_64, r-patched-linux-x86_64