CRAN Package Check Results for Package numGen

Last updated on 2025-07-23 19:50:00 CEST.

Flavor Version Tinstall Tcheck Ttotal Status Flags
r-devel-linux-x86_64-debian-clang 0.1.1 2.66 21.74 24.40 OK
r-devel-linux-x86_64-debian-gcc 0.1.1 1.85 17.53 19.38 OK
r-devel-linux-x86_64-fedora-clang 0.1.1 38.43 OK
r-devel-linux-x86_64-fedora-gcc 0.1.1 36.22 OK
r-devel-windows-x86_64 0.1.1 3.00 40.00 43.00 OK
r-patched-linux-x86_64 0.1.1 2.91 20.46 23.37 OK
r-release-linux-x86_64 0.1.1 2.57 20.73 23.30 OK
r-release-macos-arm64 0.1.1 17.00 OK
r-release-macos-x86_64 0.1.1 39.00 OK
r-release-windows-x86_64 0.1.1 3.00 43.00 46.00 OK
r-oldrel-macos-arm64 0.1.1 16.00 NOTE
r-oldrel-macos-x86_64 0.1.1 32.00 NOTE
r-oldrel-windows-x86_64 0.1.1 3.00 39.00 42.00 NOTE

Check Details

Version: 0.1.1
Check: LazyData
Result: NOTE 'LazyData' is specified without a 'data' directory Flavors: r-oldrel-macos-arm64, r-oldrel-macos-x86_64, r-oldrel-windows-x86_64