Last updated on 2024-03-28 17:49:35 CET.
Flavor | Version | Tinstall | Tcheck | Ttotal | Status | Flags |
---|---|---|---|---|---|---|
r-devel-linux-x86_64-debian-clang | 2.8 | 38.07 | 99.87 | 137.94 | OK | |
r-devel-linux-x86_64-debian-gcc | 2.8 | 27.09 | 70.33 | 97.42 | OK | |
r-devel-linux-x86_64-fedora-clang | 2.8 | 162.63 | NOTE | |||
r-devel-linux-x86_64-fedora-gcc | 2.8 | 156.74 | OK | |||
r-devel-windows-x86_64 | 2.8 | 36.00 | 93.00 | 129.00 | OK | |
r-patched-linux-x86_64 | 2.8 | 37.39 | 93.49 | 130.88 | OK | |
r-release-linux-x86_64 | 2.8 | 31.24 | 95.18 | 126.42 | OK | |
r-release-macos-arm64 | 2.8 | 49.00 | OK | |||
r-release-macos-x86_64 | 2.8 | 117.00 | OK | |||
r-release-windows-x86_64 | 2.8 | 38.00 | 109.00 | 147.00 | OK | |
r-oldrel-macos-arm64 | 2.8 | 55.00 | OK | |||
r-oldrel-windows-x86_64 | 2.8 | 45.00 | 112.00 | 157.00 | OK |
Version: 2.8
Check: installed package size
Result: NOTE
installed size is 10.9Mb
sub-directories of 1Mb or more:
libs 10.0Mb
Flavor: r-devel-linux-x86_64-fedora-clang