Last updated on 2025-05-05 06:51:41 CEST.
Flavor | Version | Tinstall | Tcheck | Ttotal | Status | Flags |
---|---|---|---|---|---|---|
r-devel-linux-x86_64-debian-clang | 1.0.0 | 28.68 | 122.28 | 150.96 | OK | |
r-devel-linux-x86_64-debian-gcc | 1.0.0 | 20.34 | 86.47 | 106.81 | OK | |
r-devel-linux-x86_64-fedora-clang | 1.0.0 | 253.02 | OK | |||
r-devel-linux-x86_64-fedora-gcc | 1.0.0 | 250.71 | OK | |||
r-devel-windows-x86_64 | 1.0.0 | 31.00 | 129.00 | 160.00 | OK | |
r-patched-linux-x86_64 | 1.0.0 | 26.91 | 113.62 | 140.53 | OK | |
r-release-linux-x86_64 | 1.0.0 | 27.37 | 114.12 | 141.49 | OK | |
r-release-macos-arm64 | 1.0.0 | 63.00 | ERROR | |||
r-release-macos-x86_64 | 1.0.0 | 125.00 | OK | |||
r-release-windows-x86_64 | 1.0.0 | 29.00 | 131.00 | 160.00 | OK | |
r-oldrel-macos-arm64 | 1.0.0 | 78.00 | ERROR | |||
r-oldrel-macos-x86_64 | 1.0.0 | 136.00 | NOTE | |||
r-oldrel-windows-x86_64 | 1.0.0 | 42.00 | 161.00 | 203.00 | OK |
Version: 1.0.0
Check: examples
Result: ERROR
Running examples in ‘oRaklE-Ex.R’ failed
The error most likely occurred in:
> ### Name: decompose_load_data
> ### Title: Decomposing the load data into long-, mid- and short-term
> ### component
> ### Aliases: decompose_load_data
>
> ### ** Examples
>
>
> example_decomposed_data <- decompose_load_data(example_demand_data_filled)
Error in decompose_load_data(example_demand_data_filled) :
Execution halted
Flavors: r-release-macos-arm64, r-oldrel-macos-arm64
Version: 1.0.0
Check: installed package size
Result: NOTE
installed size is 5.6Mb
sub-directories of 1Mb or more:
data 4.5Mb
Flavors: r-oldrel-macos-arm64, r-oldrel-macos-x86_64