Last updated on 2025-11-03 17:49:57 CET.
| Flavor | Version | Tinstall | Tcheck | Ttotal | Status | Flags |
|---|---|---|---|---|---|---|
| r-devel-linux-x86_64-debian-clang | 1.0.0 | 14.08 | 126.07 | 140.15 | OK | |
| r-devel-linux-x86_64-debian-gcc | 1.0.0 | 11.69 | 96.26 | 107.95 | OK | |
| r-devel-linux-x86_64-fedora-clang | 1.0.0 | 29.00 | 183.61 | 212.61 | NOTE | |
| r-devel-linux-x86_64-fedora-gcc | 1.0.0 | 26.00 | 193.64 | 219.64 | NOTE | |
| r-devel-windows-x86_64 | 1.0.0 | 15.00 | 112.00 | 127.00 | OK | |
| r-patched-linux-x86_64 | 1.0.0 | 14.90 | 117.19 | 132.09 | OK | |
| r-release-linux-x86_64 | 1.0.0 | 14.40 | 116.61 | 131.01 | OK | |
| r-release-macos-arm64 | 1.0.0 | 7.00 | 57.00 | 64.00 | OK | |
| r-release-macos-x86_64 | 1.0.0 | 11.00 | 106.00 | 117.00 | OK | |
| r-release-windows-x86_64 | 1.0.0 | 15.00 | 111.00 | 126.00 | OK | |
| r-oldrel-macos-arm64 | 1.0.0 | 6.00 | 53.00 | 59.00 | NOTE | |
| r-oldrel-macos-x86_64 | 1.0.0 | 11.00 | 85.00 | 96.00 | NOTE | |
| r-oldrel-windows-x86_64 | 1.0.0 | 20.00 | 140.00 | 160.00 | NOTE |
Version: 1.0.0
Check: dependencies in R code
Result: NOTE
Namespaces in Imports field not imported from:
‘knitr’ ‘tibble’
All declared Imports should be used.
Flavors: r-devel-linux-x86_64-fedora-clang, r-devel-linux-x86_64-fedora-gcc
Version: 1.0.0
Check: LazyData
Result: NOTE
'LazyData' is specified without a 'data' directory
Flavors: r-oldrel-macos-arm64, r-oldrel-macos-x86_64, r-oldrel-windows-x86_64