Last updated on 2025-05-18 06:49:21 CEST.
Flavor | Version | Tinstall | Tcheck | Ttotal | Status | Flags |
---|---|---|---|---|---|---|
r-devel-linux-x86_64-debian-clang | 1.0.3 | 73.62 | 141.72 | 215.34 | OK | |
r-devel-linux-x86_64-debian-gcc | 1.0.3 | 54.52 | 100.02 | 154.54 | OK | |
r-devel-linux-x86_64-fedora-clang | 1.0.3 | 375.54 | OK | |||
r-devel-linux-x86_64-fedora-gcc | 1.0.3 | 414.97 | OK | |||
r-devel-windows-x86_64 | 1.0.3 | 100.00 | 163.00 | 263.00 | OK | |
r-patched-linux-x86_64 | 1.0.3 | 79.86 | 136.00 | 215.86 | OK | |
r-release-linux-x86_64 | 1.0.3 | 76.57 | 135.47 | 212.04 | OK | |
r-release-macos-arm64 | 1.0.3 | 92.00 | OK | |||
r-release-macos-x86_64 | 1.0.3 | 139.00 | OK | |||
r-release-windows-x86_64 | 1.0.3 | 101.00 | 177.00 | 278.00 | OK | |
r-oldrel-macos-arm64 | 1.0.3 | 87.00 | NOTE | |||
r-oldrel-macos-x86_64 | 1.0.3 | 147.00 | NOTE | |||
r-oldrel-windows-x86_64 | 1.0.3 | 117.00 | 186.00 | 303.00 | OK |
Version: 1.0.3
Check: installed package size
Result: NOTE
installed size is 6.1Mb
sub-directories of 1Mb or more:
libs 5.3Mb
Flavors: r-oldrel-macos-arm64, r-oldrel-macos-x86_64